NOAA-style Climate Reports

   V/Λ SELECT: Month and Year   OR  >   Month
                   Monthly Climatological Summary for Apr 2018

Name: Rjoanddalen   City: Mjølfjell   State: Voss
Elevation: 665 m  Lat: N 60° 41' 59"   Lon: E 006° 50' 39"

                  Temperature (°C), Rain (mm), Wind Speed (m/s)

                                      Heat  Cool        Avg
    Mean                              Deg   Deg         Wind                 Dom
Day Temp  High   Time   Low    Time   Days  Days  Rain  Speed High   Time    Dir
----------------------------------------------------------------------------------
01 -10.1   0.2   15:02 -16.7   06:26  28.4   0.0   0.0   2.1   4.4   03:25     N
02  -8.1   1.3   14:15 -15.3   05:51  26.4   0.0   0.0   1.8   4.3   02:28     N
03  -5.4  -1.1   11:33 -12.3   03:41  23.7   0.0   0.0   3.6  11.7   14:29     S
04  -4.3  -2.2   00:00  -2.2   00:00  20.5   0.0   0.0   4.7  10.8   00:00     S
05  -4.8  -1.3   00:00  -6.1   00:00  20.5   0.0   0.0   4.7   7.2   00:00     S
06  -0.1   7.1   15:16  -2.6   23:44  18.2   0.0   0.0   2.6   7.8   00:00     S
07   1.7   6.9   15:27  -2.9   03:56  16.6   0.0   0.0   1.9  13.8   10:28     S
08   3.2   4.9   12:29   1.7   23:37  15.1   0.0   5.3   0.7   4.9   07:27     N
09   2.8   4.3   14:58   1.4   01:59  15.5   0.0   8.4   0.6   6.6   23:44NNØ
10   3.0   8.9   14:05  -0.5   23:15  15.3   0.0   0.0   1.7   9.5   10:21NNØ
11   3.1  11.1   14:56  -2.2   05:20  15.2   0.0   0.0   2.5   5.8   01:34     N
12   4.0  11.4   14:16  -2.5   06:34  14.3   0.0   0.0   2.7   8.8   11:35NNØ
13   6.1  12.4   13:33  -0.3   05:45  12.2   0.0   0.0   1.4   7.7   11:17NNØ
14   7.7  14.8   12:35   4.0   02:46  10.6   0.0   0.0   1.7   6.8   01:09     N
15   6.3  12.6   14:13   2.4   06:20  12.0   0.0   0.0   1.4   4.5   10:29NNØ
16   5.1  11.5   14:13   1.4   05:25  13.2   0.0   0.0   1.3   4.9   15:26     N
17   5.8  12.9   12:35   1.8   04:34  12.5   0.0   1.0   1.2   7.0   20:23SSØ
18   4.9   8.7   15:31   2.7   04:16  13.4   0.0   2.3   0.3   6.8   15:15NØ
19   6.7  13.5   14:07   2.4   01:46  11.6   0.0   0.0   0.9   4.0   11:48NNØ
20   6.4  11.3   12:33   2.7   23:55  11.9   0.0   2.0   0.6   6.6   22:05     N
21   3.9   7.4   14:46   1.8   23:57  14.4   0.0   4.1   0.3   4.7   15:17     N
22   5.0  13.3   14:13   0.0   03:32  13.3   0.0   0.0   1.4   7.1   21:08SSØ
23   3.9   7.1   14:30   1.9   23:46  14.4   0.0  10.7   0.3   4.6   05:23     S
24   2.9   6.3   14:00   1.0   05:43  15.4   0.0   5.3   0.3   5.9   18:47NNØ
25   3.2   7.7   12:36   0.5   06:04  15.1   0.0   1.0   0.4   4.5   02:06ØSØ
26   3.5   8.2   17:25   0.0   23:57  14.8   0.0   1.0   0.4   3.9   12:30NNØ
27   3.0   7.2   16:01  -0.3   01:31  15.3   0.0   0.0   0.2   3.6   13:49NNØ
28   2.5   6.9   11:57  -2.4   23:58  15.8   0.0   3.3   0.2   4.1   17:14     S
29   1.7  11.0   14:04  -5.0   05:34  16.6   0.0   0.0   0.6   3.3   16:16     N
30   4.1  12.7   14:31  -3.7   06:00  14.2   0.0   0.0   1.5   7.2   22:52     N
----------------------------------------------------------------------------------
     2.3  14.8    14   -16.7     1   476.4   0.0  44.4   1.5  13.8     7ØNØ

Max >=  27.0  0
Max <=   0.0  3
Min <=   0.0 17
Min <= -18.0  0
Max Rain: 10.7 on day 23
Days of Rain: 11 (>= 0.2 mm)  8 (>= 2.0 mm)  0 (>= 20.0 mm)
Heat Base: 17.0  Cool Base: 17.0  Method: Integration

Powered by Ecowitt HP2553  and   CumulusMX   v 3.19.3 (b3196)   MXUI Template v 2.2.3 by  Silver Acorn   (18.2)  Valid HTML5