NOAA-style Climate Reports

   V/Λ SELECT: Month and Year   OR  >   Month
                   Monthly Climatological Summary for Jun 2018

Name: Rjoanddalen   City: Mjølfjell   State: Voss
Elevation: 665 m  Lat: N 60° 41' 59"   Lon: E 006° 50' 39"

                  Temperature (°C), Rain (mm), Wind Speed (m/s)

                                      Heat  Cool        Avg
    Mean                              Deg   Deg         Wind                 Dom
Day Temp  High   Time   Low    Time   Days  Days  Rain  Speed High   Time    Dir
----------------------------------------------------------------------------------
01  18.3  28.2   14:34   9.5   04:30   2.7   2.7   0.0   0.4   3.6   17:10     N
02  18.5  28.8   13:52   9.2   04:55   2.9   3.1   0.0   0.7   5.9   14:23     N
03  17.8  28.3   15:47   9.1   04:26   3.0   2.6   0.0   0.8   7.5   13:12   ENE
04  15.1  25.2   14:35   6.9   06:21   4.6   1.4   0.0   1.3   6.6   16:59     N
05  14.5  25.3   14:57   6.0   05:57   5.2   1.3   0.0   1.5   5.9   03:53     N
06  14.7  23.1   16:10   6.3   04:06   4.5   0.9   0.0   0.9   7.5   13:26   SSE
07  15.4  25.8   15:57   6.0   04:32   4.6   1.7   0.0   0.7   5.8   12:28    SE
08  17.3  28.1   14:19   7.0   04:55   3.7   2.7   0.0   0.5   5.3   16:52   SSE
09  18.0  26.6   17:10   8.8   03:58   2.9   2.5   0.0   0.4   4.9   11:07   SSE
10  17.3  26.0   14:29   9.7   04:16   2.8   1.8   0.0   0.5   5.8   13:06   SSE
11  12.1  13.4   00:00  10.7   23:57   6.2   0.0   2.0   0.9   6.0   19:13     S
12  12.9  19.5   17:21   9.3   05:03   5.5   0.0   0.0   1.0   6.4   14:57     S
13  12.3  20.2   15:09   6.9   05:35   6.1   0.1   0.0   0.8   5.4   14:22   SSE
14   9.9  13.9   13:03   6.3   23:59   8.4   0.0  21.1   2.7  15.5   19:41   SSE
15   6.5  10.4   12:49   4.6   06:55  11.8   0.0  12.7   1.1  11.7   12:13   SSE
16  10.4  17.5   16:46   4.2   02:49   7.9   0.0   0.0   0.6   5.9   10:36   SSE
17  11.5  17.3   16:28   7.5   07:08   6.8   0.0   2.3   0.8  10.2   02:33     S
18   9.1  11.9   15:43   6.7   23:26   9.2   0.0   2.0   0.7   6.6   15:59   SSE
19   5.7   7.0   14:41   4.3   05:43  12.6   0.0  22.1   0.5  13.1   02:37     E
20   6.7  10.0   13:30   4.4   00:55  11.5   0.0   2.0   0.4   5.4   14:40     S
21   7.1  14.2   14:25   1.2   04:46  11.2   0.0   0.0   1.0   6.9   12:52     N
22   9.5  17.3   14:26   3.9   02:26   8.8   0.0   0.0   1.4   7.7   14:36     N
23   8.7  12.3   16:09   5.2   03:58   9.6   0.0   0.0   0.7   5.4   12:14     S
24  10.3  12.3   11:24   7.9   04:20   8.0   0.0   0.0   0.4   3.8   13:07     S
25  12.7  21.2   16:10   8.4   03:20   5.7   0.1   0.0   0.5   5.5   18:04     S
26  15.0  25.8   16:26   5.5   04:16   4.9   1.6   0.0   0.8   5.7   14:28   SSE
27  17.2  28.3   15:17   7.4   03:20   3.7   2.6   0.0   0.6   5.7   15:31   SSE
28  13.8  20.8   11:52   7.9   04:37   4.7   0.1   0.0   0.7   7.9   14:32    NE
29  14.2  24.7   15:48   4.1   04:57   5.6   1.4   0.0   1.0   5.9   17:42     N
30  16.6  26.7   13:19   6.8   06:16   3.9   2.2   0.0   1.2   6.0   12:10    SE
----------------------------------------------------------------------------------
    13.0  28.8     2     1.2    21   189.0  28.8  64.2   0.8  15.5    14      SE

Max >=  27.0  5
Max <=   0.0  0
Min <=   0.0  0
Min <= -18.0  0
Max Rain: 22.1 on day 19
Days of Rain: 7 (>= 0.2 mm)  7 (>= 2.0 mm)  2 (>= 20.0 mm)
Heat Base: 17.0  Cool Base: 17.0  Method: Integration

Powered by Ecowitt HP2553  and   CumulusMX   v 3.19.3 (b3196)   MXUI Template v 2.2.3 by  Silver Acorn   (19.4)  Valid HTML5