NOAA-style Climate Reports

   V/Λ SELECT: Month and Year   OR  >   Month
                   Monthly Climatological Summary for Jul 2018

Name: Rjoanddalen   City: Mjølfjell   State: Voss
Elevation: 665 m  Lat: N 60° 41' 59"   Lon: E 006° 50' 39"

                  Temperature (°C), Rain (mm), Wind Speed (m/s)

                                      Heat  Cool        Avg
    Mean                              Deg   Deg         Wind                 Dom
Day Temp  High   Time   Low    Time   Days  Days  Rain  Speed High   Time    Dir
----------------------------------------------------------------------------------
01  17.6  28.3   16:36   7.8   04:42   3.5   2.7   0.0   0.7   5.6   20:03     S
02  16.0  26.1   15:34   7.3   06:02   4.0   1.8   0.0   0.6   9.4   15:40SSØ
03  16.0  26.6   17:11   5.9   05:14   4.3   2.0   0.0   0.8   6.9   14:27SSØ
04  19.8  31.4   14:07   9.4   05:16   2.7   4.2   0.0   0.5   5.9   15:11SSØ
05  16.9  24.5   11:59  10.0   05:04   2.9   1.5   0.0   1.2   7.6   13:49SSØ
06  13.5  20.2   14:39   7.9   05:44   4.9   0.1   0.0   1.5   7.8   15:34     S
07  13.2  23.1   16:46   4.1   05:33   6.0   0.8   0.0   0.7   6.3   14:29SØ
08  14.5  23.7   12:33   6.5   05:11   4.6   0.9   0.0   1.0   7.8   12:55SSØ
09  13.2  20.2   16:13   7.7   06:37   5.1   0.1   0.0   1.9   9.8   17:10     N
10  18.7  28.3   15:37   8.4   05:12   2.9   3.4   0.0   0.7   6.0   13:43ØSØ
11  18.4  30.2   12:52  13.1   06:32   1.7   1.8   2.3   0.3   5.6   16:00SSØ
12  18.9  28.7   15:53  11.0   04:53   2.4   3.0   0.0   0.7   6.9   13:47SSØ
13  16.6  26.0   15:32   8.2   05:08   3.8   2.0   0.0   1.0   8.7   14:48SSØ
14  16.0  24.4   15:14   9.8   00:59   3.5   1.2   0.0   0.7   5.8   14:47SSØ
15  18.6  28.8   14:55  11.8   04:16   2.3   2.5   0.0   0.4   4.9   14:37SSØ
16  18.6  27.7   14:28  10.1   05:08   2.5   2.8   0.0   0.7   6.5   15:06SSØ
17  16.7  25.0   11:06  11.0   04:07   2.4   0.9   2.0   0.7   6.8   18:56     S
18  15.9  25.1   12:34  12.3   03:00   2.6   0.4   7.3   0.5   6.4   12:58SSØ
19  16.0  25.6   15:39   8.1   05:49   3.7   1.4   0.0   0.5   5.9   16:41SSØ
20  15.8  23.7   14:37   8.2   04:07   3.8   1.3   0.0   0.8   7.0   15:25SSØ
21  14.9  20.9   14:08   8.5   02:28   3.7   0.3   0.0   0.8   5.9   10:45     S
22  15.8  22.8   14:15  12.2   05:25   3.1   0.6   0.0   0.6   7.2   15:17SSØ
23  16.4  21.0   14:48  12.7   05:54   2.2   0.3   0.0   0.3   4.9   22:55SSØ
24  16.8  21.0   13:10  14.2   04:40   1.7   0.2   2.3   0.6   7.5   13:18SSØ
25  15.9  21.2   14:46  10.0   23:57   2.7   0.2  14.7   0.3   5.1   14:49SSØ
26  16.9  28.8   14:36   7.3   04:56   4.1   2.7   0.0   0.5   5.6   15:31     S
27  21.5  32.9   14:36  10.6   03:28   2.3   5.6   0.0   1.5  10.1   20:58     S
28  21.2  30.0   13:57  17.2   02:20   0.0   2.9   2.0   2.0  14.8   17:27   VSV
29  18.5  23.6   15:44  13.3   07:37   1.1   1.3  15.0   1.6   9.6   21:38     S
30  17.8  23.6   17:06  13.4   02:21   1.2   0.7   0.0   1.9  10.7   03:42     S
31  17.2  20.2   08:37  14.2   23:33   1.3   0.2  27.2   1.2  11.2   08:41     S
----------------------------------------------------------------------------------
    16.9  32.9    27     4.1     7    93.0  49.8  72.8   0.9  14.8    28       S

Max >=  27.0 10
Max <=   0.0  0
Min <=   0.0  0
Min <= -18.0  0
Max Rain: 27.2 on day 31
Days of Rain: 8 (>= 0.2 mm)  8 (>= 2.0 mm)  1 (>= 20.0 mm)
Heat Base: 17.0  Cool Base: 17.0  Method: Integration

Powered by Ecowitt HP2553  and   CumulusMX   v 3.21.1 (b3205)   MXUI Template v 2.2.3 by  Silver Acorn   (13.5)  Valid HTML5