NOAA-style Climate Reports

   V/Λ SELECT: Month and Year   OR  >   Month
                   Monthly Climatological Summary for aug 2018

Name: Rjoanddalen   City: Mjølfjell   State: Voss
Elevation: 655 m  Lat: N 60° 41' 58"   Lon: E 006° 50' 38"

                  Temperature (°C), Rain (mm), Wind Speed (m/s)

                                      Heat  Cool        Avg
    Mean                              Deg   Deg         Wind                 Dom
Day Temp  High   Time   Low    Time   Days  Days  Rain  Speed High   Time    Dir
----------------------------------------------------------------------------------
01  15,3  21,1   16:36  11,1   04:52   3,1   0,1   6,4   0,3   5,8   11:30   SSE
02  12,9  15,0   12:46  10,3   03:53   5,4   0,0   0,0   0,1   4,7   13:11   SSE
03  14,7  18,5   17:26  12,8   05:50   3,6   0,0   3,0   0,2   4,9   19:16   SSE
04  14,0  19,5   13:14   9,3   23:52   4,3   0,0   0,0   0,6   5,9   23:17   SSE
05   9,5  12,0   14:32   8,1   06:06   8,8   0,0   0,0   0,4   5,4   05:05    SE
06  10,6  14,3   15:27   7,4   05:47   7,7   0,0   0,0   0,0   2,9   03:46     S
07  15,6  23,8   16:21  10,7   03:33   3,3   0,7   0,0   0,6   7,1   12:18     S
08  14,7  16,5   08:32  11,7   23:54   3,6   0,0   0,0   0,7   5,9   03:09    SW
09  11,9  18,8   14:28   9,1   03:09   6,4   0,0   3,3   0,6   4,4   12:05     S
10   9,7  11,0   10:50   8,5   23:39   8,6   0,0   3,0   0,3   5,4   19:07   SSW
11  10,0  17,2   15:27   6,5   05:35   8,3   0,0   0,0   0,8   6,6   16:10   SSE
12   9,4  19,2   16:26   4,4   02:55   8,9   0,0   0,0   0,5   7,1   16:33   SSE
13  11,1  21,6   16:08   2,6   04:22   7,7   0,5   0,0   0,8   5,3   12:42   SSE
14  13,0  22,5   14:26   5,6   03:14   5,7   0,5   0,0   0,6   4,8   13:59   SSE
15  12,3  14,6   14:38  10,3   04:51   6,0   0,0   1,0   0,6   5,9   21:35     S
16  12,2  14,1   15:30  10,2   23:27   6,1   0,0   2,0   0,6   6,0   18:44     S
17   9,0  10,8   15:30   7,4   08:16   9,3   0,0   0,0   0,8   5,4   18:24     S
18   9,5  11,9   15:17   8,2   21:52   8,8   0,0   0,0   1,6  11,7   15:15   SSE
19  10,5  17,1   17:09   7,2   23:58   7,8   0,0   0,0   1,0   5,9   02:31     N
20   8,6  13,6   15:05   5,1   03:52   9,7   0,0   0,0   0,6   5,0   14:52     S
21  10,4  18,5   13:36   3,6   07:17   7,9   0,0   0,0   0,5   4,6   15:34     S
22  11,4  13,6   12:04   8,2   23:45   6,9   0,0   0,0   1,2  12,0   07:47   SSE
23  10,2  16,8   17:09   6,4   05:39   8,1   0,0   0,0   0,4   3,9   12:30     S
24   8,5  13,5   12:33   5,5   22:55   9,8   0,0   0,0   0,8   4,9   16:57   SSE
25   7,9  15,1   12:57   4,9   00:49  10,4   0,0   0,0   0,7   4,9   14:19   SSE
26   8,1  15,0   13:35   4,8   07:15  10,2   0,0   0,0   0,6   5,9   13:55   SSE
27   9,1  12,3   18:05   5,4   02:35   9,2   0,0   0,0   1,3   7,8   12:06   SSW
28  10,9  17,2   15:24   7,2   23:51   7,4   0,0   0,0   0,5   4,4   14:08   SSE
29   9,6  12,9   14:19   5,6   06:22   8,7   0,0   0,0   0,9   5,6   14:02     S
30   9,3  17,0   14:31   4,1   07:17   9,0   0,0   0,0   0,8   5,6   12:20    NW
31   9,3  19,2   13:51   2,4   04:07   8,7   0,0   0,0   0,7   6,1   12:31     S
----------------------------------------------------------------------------------
    10,9  23,8     7     2,4    31   229,4   1,8  18,7   0,7  12,0    22       S

Max >=  27,0  0
Max <=   0,0  0
Min <=   0,0  0
Min <= -18,0  0
Max Rain: 6,4 on day 1
Days of Rain: 6 (>= 0,2 mm)  5 (>= 2,0 mm)  0 (>= 20,0 mm)
Heat Base: 18,3  Cool Base: 18,3  Method: Integration

Powered by Ecowitt HP2553  and   CumulusMX   v 3.22.4 (b3215)   MXUI Template v 2.2.3 by  Silver Acorn   (7,0)  Valid HTML5