NOAA-style Climate Reports

   V/Λ SELECT: Month and Year   OR  >   Month
                   Monthly Climatological Summary for sep 2018

Name: Rjoanddalen   City: Mjølfjell   State: Voss
Elevation: 655 m  Lat: N 60° 41' 58"   Lon: E 006° 50' 38"

                  Temperature (°C), Rain (mm), Wind Speed (m/s)

                                      Heat  Cool        Avg
    Mean                              Deg   Deg         Wind                 Dom
Day Temp  High   Time   Low    Time   Days  Days  Rain  Speed High   Time    Dir
----------------------------------------------------------------------------------
01   9,9  16,0   14:00   4,4   01:13   8,3   0,0   0,0   0,9   5,7   11:52   SSE
02  11,6  15,6   15:45   8,4   01:55   6,7   0,0   0,0   0,4   2,4   12:12    NW
03  12,8  21,1   13:11   6,6   06:42   5,8   0,2   0,0   0,6   5,5   13:22   ESE
04  13,7  22,3   14:28   8,0   23:51   5,2   0,6   0,0   0,6   5,8   14:41   SSE
05  13,4  21,2   13:08   7,4   06:48   5,2   0,4   0,0   0,7   5,3   15:55   SSE
06  12,3  15,5   11:55   8,9   03:06   6,0   0,0   8,4   0,9   5,8   12:47    NW
07  14,3  17,2   14:03  12,0   21:43   4,0   0,0   0,0   2,4   9,1   18:30    NW
08  12,9  15,9   12:45   8,1   23:59   5,4   0,0   0,0   2,5  13,2   05:31     W
09  11,1  16,7   12:13   8,0   00:09   7,2   0,0   6,4   2,7  13,3   22:00     S
10   8,9  13,9   13:58   7,0   20:57   9,4   0,0   2,3   0,9   8,9   12:51     S
11   7,6  12,2   16:13   5,8   23:33  10,7   0,0   0,0   1,0  10,3   15:41     S
12   5,6   7,8   12:53   3,8   03:26  12,7   0,0   0,0   0,8   6,8   18:46    SE
13   5,7   7,3   13:46   4,5   06:02  12,6   0,0   0,0   0,7   6,5   16:10   SSE
14   5,5   8,4   15:53   4,1   23:59  12,8   0,0   0,0   0,7   7,9   15:09   SSE
15   4,7   7,3   14:50   3,0   06:08  13,6   0,0   0,0   0,5   4,4   15:09   NNE
16   5,7   8,4   22:10   2,8   04:57  12,6   0,0   0,0   1,0   7,7   16:28   SSW
17   6,8   8,7   13:55   4,2   07:56  11,5   0,0   0,0   0,8   7,0   12:47   ESE
18  13,2  21,5   15:00   7,1   03:50   5,3   0,3   0,0   1,7  10,7   17:25     S
19  11,6  15,8   11:33   5,4   21:20   6,9   0,0   0,0   3,2  15,7   09:09   SSE
20   6,0  10,2   23:49   4,2   14:14  12,3   0,0   0,0   1,7  11,4   03:24   SSE
21   7,5  13,3   00:43   4,3   23:17   3,7   0,0  10,4   2,0  20,5   01:11     S
22   4,4   6,0   14:16   2,1   02:54  13,9   0,0  29,2   0,9   6,9   15:23     S
23   3,6   6,4   15:49   1,4   23:58  14,7   0,0   4,1   1,0   5,3   19:21   SSW
24   2,5   7,7   14:11  -0,1   06:54  15,8   0,0   0,0   1,2   7,0   12:19     W
25   3,6   6,9   17:19   0,2   00:42  14,1   0,0   7,1   1,3  11,9   20:37    SE
26   6,4   9,3   08:54   4,1   22:31  11,9   0,0  54,6   2,0   9,8   04:56   NNE
27   3,4   4,3   00:35   1,7   23:54  14,9   0,0  21,8   0,7   4,6   20:46   WNW
28   1,5   3,9   15:28   0,1   20:03  16,8   0,0   1,0   0,8   4,7   15:35    SW
29   3,5   5,8   12:31   0,8   00:57  14,8   0,0  29,5   1,0  10,2   19:52    SE
30   3,5   5,3   14:28   2,4   20:40  14,8   0,0  12,2   0,6   8,9   00:36     N
----------------------------------------------------------------------------------
     7,8  22,3     4    -0,1    24   309,6   1,5 187,0   1,2  20,5    21       S

Max >=  27,0  0
Max <=   0,0  0
Min <=   0,0  1
Min <= -18,0  0
Max Rain: 54,6 on day 26
Days of Rain: 12 (>= 0,2 mm)  11 (>= 2,0 mm)  4 (>= 20,0 mm)
Heat Base: 18,3  Cool Base: 18,3  Method: Integration

Powered by Ecowitt HP2553  and   CumulusMX   v 3.22.4 (b3215)   MXUI Template v 2.2.3 by  Silver Acorn   (7,0)  Valid HTML5