NOAA-style Climate Reports

   V/Λ SELECT: Month and Year   OR  >   Month
                   Monthly Climatological Summary for okt 2018

Name: Rjoanddalen   City: Mjølfjell   State: Voss
Elevation: 655 m  Lat: N 60° 41' 58"   Lon: E 006° 50' 38"

                  Temperature (°C), Rain (mm), Wind Speed (m/s)

                                      Heat  Cool        Avg
    Mean                              Deg   Deg         Wind                 Dom
Day Temp  High   Time   Low    Time   Days  Days  Rain  Speed High   Time    Dir
----------------------------------------------------------------------------------
01   3,2   7,2   13:54   1,4   23:43  15,1   0,0   4,1   0,4   3,3   12:40   SSE
02   1,1   2,5   16:25  -0,7   23:55  15,0   0,0   6,1   0,7   5,5   15:49     N
03   2,0   8,2   12:20  -1,1   01:59  16,3   0,0   2,0   0,8   6,5   11:34     W
04   3,8   8,4   20:49  -1,4   00:56  14,5   0,0  15,7   1,1   7,8   21:19     E
05   3,7   6,6   00:00   1,9   23:17  14,6   0,0   8,1   1,0   8,3   00:53   NNE
06   2,1   4,4   12:49   0,0   23:06  16,2   0,0   5,1   0,3   3,6   00:23   SSE
07   1,9   6,7   14:16  -0,9   07:45  16,4   0,0   1,0   0,9   7,8   22:59   SSE
08   4,7   7,7   11:20   1,8   00:04  13,6   0,0   8,4   1,0   7,7   07:32   ESE
09   8,1   9,2   13:00   4,2   00:00  10,2   0,0  62,0   1,8  10,8   14:49    SE
10   8,8  11,9   16:39   5,1   23:57   9,5   0,0   3,0   0,5   3,9   19:11   NNW
11  10,6  18,0   14:15   4,5   02:26   7,7   0,0   0,0   2,5  19,1   17:23     S
12  12,1  13,5   16:24  10,0   23:27   6,2   0,0   0,0   3,8  20,8   22:17     S
13  12,1  14,4   18:06   9,6   00:53   6,2   0,0  52,8   3,0  14,2   17:26   SSE
14  11,8  15,2   07:17   4,4   23:51   6,5   0,0  59,9   2,1  12,1   08:12   SSE
15   4,0   9,2   14:13   0,0   23:56  14,3   0,0   0,0   0,4   4,9   14:14     S
16   5,0  11,9   13:56  -0,7   02:21  13,3   0,0   0,0   1,7   7,9   20:45   SSE
17   7,5  12,3   14:09   3,7   22:28  10,8   0,0   5,1   1,0   6,8   09:54   ESE
18   3,3   5,0   15:29   1,6   22:06  15,0   0,0   4,8   0,6   4,5   03:12    SE
19   3,7   6,0   13:47   2,1   01:18  14,6   0,0   1,0   0,7   5,5   19:27   SSE
20   4,2   6,1   16:08   2,7   08:11  14,0   0,0   2,0   0,4   3,6   17:11     S
21   6,1   9,4   07:48   1,1   21:42  12,2   0,0  33,5   0,8   7,7   22:49   ENE
22   1,0   2,5   00:12   0,2   21:11  17,3   0,0   2,3   0,6   7,7   05:46   NNE
23   2,0   4,1   11:09  -0,5   19:15  16,3   0,0  33,5   1,2   6,5   14:07   WNW
24   0,4   3,0   23:48  -2,0   04:46  17,9   0,0   1,0   0,8   4,5   14:41    SW
25   2,1   3,4   01:44   0,1   23:12  16,2   0,0   8,1   0,8   6,5   00:04   WNW
26  -0,1   4,2   14:27  -3,4   23:20  18,4   0,0   0,0   1,2   6,5   21:07   NNW
27  -3,8   2,6   12:04  -8,3   23:23  22,1   0,0   0,0   1,5   4,6   13:17     N
28  -7,2   0,0   13:14 -10,1   08:30  26,5   0,0   0,0   1,6   4,7   21:15     N
29  -5,0  -0,7   10:55 -10,3   06:30  23,3   0,0   0,0   2,1  14,5   16:57   WNW
30   0,2   4,0   22:19  -3,7   02:30  18,1   0,0   1,0   2,8  12,5   18:54   NNW
31   2,6   4,5   03:51   0,8   19:42  15,7   0,0   1,0   1,0   6,9   13:51   WNW
----------------------------------------------------------------------------------
     3,6  18,0    11   -10,3    29   454,0   0,0 321,5   1,3  20,8    12     SSE

Max >=  27,0  0
Max <=   0,0  2
Min <=   0,0 14
Min <= -18,0  0
Max Rain: 62,0 on day 9
Days of Rain: 23 (>= 0,2 mm)  18 (>= 2,0 mm)  5 (>= 20,0 mm)
Heat Base: 18,3  Cool Base: 18,3  Method: Integration

Powered by Ecowitt HP2553  and   CumulusMX   v 3.22.4 (b3215)   MXUI Template v 2.2.3 by  Silver Acorn   (7,0)  Valid HTML5