NOAA-style Climate Reports

   V/Λ SELECT: Month and Year   OR  >   Month
                   Monthly Climatological Summary for nov 2018

Name: Rjoanddalen   City: Mjølfjell   State: Voss
Elevation: 655 m  Lat: N 60° 41' 58"   Lon: E 006° 50' 38"

                  Temperature (°C), Rain (mm), Wind Speed (m/s)

                                      Heat  Cool        Avg
    Mean                              Deg   Deg         Wind                 Dom
Day Temp  High   Time   Low    Time   Days  Days  Rain  Speed High   Time    Dir
----------------------------------------------------------------------------------
01   4,1   6,2   19:43   1,8   00:00  14,2   0,0   4,1   3,4  19,3   19:06     S
02   2,2   5,3   00:00   0,3   23:37  16,1   0,0   9,4   0,7   9,1   00:05     W
03   1,9   6,1   23:53  -1,1   05:51  16,4   0,0   2,0   1,4   7,4   23:21   SSE
04   6,2   7,7   11:57   4,9   20:55  12,1   0,0   0,0   2,1  10,2   11:13   SSE
05   4,9   9,7   10:56   0,6   23:42  13,4   0,0   0,0   1,1   6,6   00:53   SSE
06   4,3  10,0   13:05   1,1   04:16  14,0   0,0   0,0   2,0   7,9   13:23     N
07   7,1  13,5   14:23   2,1   00:00  11,2   0,0   0,0   2,0  10,1   14:21     N
08   6,2   7,3   07:58   4,2   23:40  12,1   0,0   0,0   1,2   7,9   05:27   SSW
09   4,1   8,4   13:27   0,7   08:26  14,2   0,0   0,0   1,5   8,9   14:38     N
10   6,7   8,5   14:49   5,4   00:00  11,6   0,0   2,0   4,5  22,8   15:12     S
11   7,2   8,2   11:23   5,4   23:57  11,1   0,0   5,1   3,8  13,6   18:36     S
12   4,2   5,5   00:01   3,2   21:05  14,1   0,0   6,3   0,9   3,9   17:00   SSW
13   3,8   5,1   14:37   2,5   18:31  14,5   0,0   2,0   0,7   4,4   09:28   SSW
14   4,5   7,0   22:18   2,6   07:46  13,8   0,0   1,0   1,1   7,7   22:15   SSE
15   7,5  10,2   13:33   3,8   20:57  10,8   0,0   2,0   1,2   9,1   22:11     S
16   7,3  10,5   12:48   3,6   02:27  10,9   0,0   0,0   0,8   5,7   02:35   SSE
17   4,6   9,2   13:17   1,8   09:30  13,7   0,0   0,0   0,8   3,2   13:21     N
18   1,9   6,7   13:14  -1,5   22:34  16,4   0,0   0,0   1,3   4,5   12:04     N
19  -1,7   3,1   13:15  -3,6   08:14  20,0   0,0   0,0   0,6   3,8   18:12   NNW
20  -1,3   3,6   22:14  -5,1   04:29  19,6   0,0   0,0   1,0   9,3   23:59     N
21  -0,4   4,0   11:26  -4,6   21:57  18,7   0,0   0,0   1,5   9,3   03:31     N
22  -2,2   3,0   12:51  -4,4   23:54  20,5   0,0   0,0   0,8   3,4   22:59     N
23  -5,0  -0,3   12:53  -7,8   20:21  23,3   0,0   0,0   0,8   3,5   06:52     N
24  -5,6   0,0   11:36  -9,2   23:58  23,9   0,0   0,0   1,0   4,5   11:02     N
25  -8,6  -3,5   12:50 -10,5   06:03  26,9   0,0   0,0   0,7   2,9   08:35     N
26  -8,1  -3,7   12:49 -10,6   03:21  26,4   0,0   0,0   1,0   3,9   16:39     N
27  -7,9  -3,9   12:54  -9,5   08:30  26,2   0,0   0,0   1,2   5,4   23:30     N
28  -3,7   1,4   23:56  -9,0   01:22  22,0   0,0   0,0   2,5  16,6   22:36     S
29   3,1   6,6   19:08   0,4   05:52  15,2   0,0   2,0   5,2  23,5   20:57   SSE
30   3,1   4,4   04:24   1,7   22:08  15,2   0,0   7,1   4,4  12,8   14:17   SSE
----------------------------------------------------------------------------------
     1,7  13,5     7   -10,6    26   498,5   0,0  43,0   1,7  23,5    29       S

Max >=  27,0  0
Max <=   0,0  5
Min <=   0,0 12
Min <= -18,0  0
Max Rain: 9,4 on day 2
Days of Rain: 11 (>= 0,2 mm)  10 (>= 2,0 mm)  0 (>= 20,0 mm)
Heat Base: 18,3  Cool Base: 18,3  Method: Integration

Powered by Ecowitt HP2553  and   CumulusMX   v 3.22.4 (b3215)   MXUI Template v 2.2.3 by  Silver Acorn   (7,0)  Valid HTML5