NOAA-style Climate Reports

   V/Λ SELECT: Month and Year   OR  >   Month
                   Monthly Climatological Summary for Dec 2018

Name: Rjoanddalen   City: Mjølfjell   State: Voss
Elevation: 665 m  Lat: N 60° 41' 59"   Lon: E 006° 50' 39"

                  Temperature (°C), Rain (mm), Wind Speed (m/s)

                                      Heat  Cool        Avg
    Mean                              Deg   Deg         Wind                 Dom
Day Temp  High   Time   Low    Time   Days  Days  Rain  Speed High   Time    Dir
----------------------------------------------------------------------------------
01   0.9   2.3   00:12   0.2   19:30  17.4   0.0   1.0   1.5   8.6   02:39SSØ
02   1.5   3.1   11:00  -0.4   01:59  16.8   0.0   9.4   1.4  12.4   06:46   SSV
03   1.3   3.1   10:34  -0.1   23:42  17.0   0.0   4.1   0.8   4.7   09:46     N
04  -2.9   0.0   00:00  -6.4   23:17  21.2   0.0   0.0   1.0   5.4   08:00     V
05  -3.5  -1.4   14:45  -6.0   08:01  21.8   0.0   0.0   0.3   2.5   05:24     V
06  -3.0   0.1   22:25  -7.4   09:26  21.3   0.0   0.0   1.2   4.6   10:48     N
07   1.0   2.8   15:01  -0.3   04:51  17.3   0.0   9.4   0.9   6.9   21:17   VNV
08  -2.2   1.3   00:00  -6.6   18:18  20.5   0.0   1.0   1.1   3.9   10:10     N
09  -3.7  -1.1   13:54  -5.7   04:09  22.0   0.0   0.0   0.5   3.6   17:16   VNV
10  -2.4  -0.1   12:07  -6.5   23:50  20.7   0.0   0.0   0.8   5.7   12:25   VSV
11  -8.6  -5.0   12:53 -10.9   22:34  26.9   0.0   0.0   1.5   4.7   16:07     N
12 -10.5  -7.9   12:53 -11.5   23:38  28.8   0.0   0.0   1.4   3.9   12:19     N
13 -11.3  -9.0   12:54 -12.3   07:56  29.6   0.0   0.0   0.9   3.6   03:54     N
14 -11.2  -9.6   12:55 -12.9   09:27  29.5   0.0   0.0   1.3   3.9   16:00     N
15  -4.9  -1.0   22:09 -10.1   05:28  23.2   0.0   0.0   2.4  13.6   23:41SSØ
16  -1.3  -0.3   12:43  -2.9   21:41  19.6   0.0   0.0   5.0  24.7   11:17     S
17  -5.9  -2.2   00:08  -8.5   23:28  24.2   0.0   0.0   1.1   4.7   00:07     N
18  -4.6   0.0   23:52  -9.6   01:11  22.9   0.0   0.0   1.5   6.8   12:17     N
19   0.9   2.0   12:03  -0.2   20:07  17.4   0.0   0.0   3.6  18.4   13:28     S
20   0.7   1.4   10:48  -0.1   23:56  17.6   0.0   0.0   2.7  11.4   10:46   SSV
21  -1.6   0.0   00:02  -4.4   00:00  19.9   0.0   0.0   2.0  11.5   03:50    NV
22  -4.3  -3.1   13:46  -6.3   02:54  22.6   0.0   0.0   0.5   3.8   00:11     N
23  -3.0  -2.2   12:51  -4.6   23:40  21.3   0.0   0.0   0.1   2.6   23:32   NNV
24  -2.8   0.7   23:09  -5.0   01:57  21.1   0.0   0.0   0.4   2.8   00:41   SSV
25   1.1   2.1   03:27  -0.2   23:21  17.2   0.0   8.4   0.8   4.9   16:37    SV
26   1.1   2.6   16:11   0.0   00:00  17.2   0.0   9.1   0.5   3.2   16:09   SSV
27   1.5   2.3   15:34   1.1   03:28  16.8   0.0  10.4   0.5   3.8   08:28    SV
28   1.0   1.7   01:37   0.2   10:29  17.3   0.0   2.0   0.3   2.2   01:29   VSV
29  -0.4   1.8   00:24  -2.1   05:34  18.7   0.0   1.0   0.5   3.9   00:48   NNV
30  -2.8   0.1   02:33  -5.9   10:05  21.1   0.0   0.0   0.8   3.4   02:32   NNV
31   1.8   4.2   18:46  -1.0   00:08  16.4   0.0  32.5   1.2  12.1   19:55     N
----------------------------------------------------------------------------------
    -2.5   4.2    31   -12.9    14   645.3   0.0  88.3   1.2  24.7    16     VSV

Max >=  27.0  0
Max <=   0.0 15
Min <=   0.0 28
Min <= -18.0  0
Max Rain: 32.5 on day 31
Days of Rain: 11 (>= 0.2 mm)  8 (>= 2.0 mm)  1 (>= 20.0 mm)
Heat Base: 17.0  Cool Base: 17.0  Method: Integration

Powered by Ecowitt HP2553  and   CumulusMX   v 3.19.3 (b3196)   MXUI Template v 2.2.3 by  Silver Acorn   (18.3)  Valid HTML5