NOAA-style Climate Reports

   V/Λ SELECT: Month and Year   OR  >   Month
                   Monthly Climatological Summary for Apr 2019

Name: Rjoanddalen   City: Mjølfjell   State: Voss
Elevation: 665 m  Lat: N 60° 41' 60"   Lon: E 006° 50' 39"

                  Temperature (°C), Rain (mm), Wind Speed (m/s)

                                      Heat  Cool        Avg
    Mean                              Deg   Deg         Wind                 Dom
Day Temp  High   Time   Low    Time   Days  Days  Rain  Speed High   Time    Dir
----------------------------------------------------------------------------------
01  -1.0   6.5   13:05  -5.8   00:01  19.3   0.0   0.0   1.3   7.3   16:06   SSE
02   0.1   4.1   15:48  -5.3   00:10  18.2   0.0   0.0   3.3  13.8   20:32   SSE
03   2.6   7.8   16:21  -1.2   05:52  15.7   0.0   0.0   2.1  12.4   03:37   NNW
04   6.2  13.1   13:40   0.0   00:59  12.1   0.0   0.0   2.0   6.5   11:37     N
05   6.0  13.6   12:36   0.0   23:37  12.3   0.0   0.0   2.1   6.9   08:15     N
06   3.4  13.0   14:58  -3.0   06:40  14.9   0.0   0.0   1.6   4.9   16:31     N
07   3.3  10.9   15:05  -2.1   23:23  15.0   0.0   0.0   2.2   7.1   08:48     N
08   0.0   8.0   14:47  -5.5   07:46  18.3   0.0   0.0   2.1   7.1   05:01   NNW
09  -1.9   6.6   15:12  -7.8   06:30  20.2   0.0   0.0   2.0   5.0   14:10     N
10  -2.3   6.5   14:41  -9.6   06:35  20.6   0.0   0.0   2.1   5.5   02:16     N
11  -1.0   8.0   14:38  -6.4   01:22  19.3   0.0   0.0   1.6   4.2   11:44     N
12  -2.3   7.1   14:52  -9.7   06:22  20.6   0.0   0.0   1.9   5.0   14:24     N
13  -0.5   9.4   14:28  -7.8   06:32  18.8   0.0   0.0   2.0   4.8   21:03     N
14   0.8  12.0   15:05  -6.4   06:07  17.5   0.0   0.0   2.2   6.1   10:01     N
15   1.7  12.2   16:13  -5.8   05:51  16.6   0.0   0.0   2.2   5.7   17:46     N
16   4.7  12.4   15:29  -2.2   05:49  13.6   0.0   0.0   2.1   8.7   21:02   WSW
17   4.5  10.1   15:03   0.0   23:35  13.8   0.0   0.0   2.5  11.4   13:02   SSE
18   4.0  12.7   15:15  -2.1   04:33  14.3   0.0   0.0   2.5   5.7   09:46     N
19   5.2  14.3   14:03  -1.1   05:25  13.1   0.0   0.0   2.1   4.9   13:14     N
20   5.5  14.4   16:39  -1.8   05:36  12.8   0.0   0.0   1.7   5.6   17:13     N
21   6.4  12.4   16:14   2.6   06:39  11.9   0.0   0.0   1.2   4.6   12:50     N
22   8.1  16.8   13:20   2.0   06:19  10.0   0.0   0.0   2.3   9.1   16:08   NNE
23   9.9  15.7   13:22   4.0   02:52   8.4   0.0   0.0   2.4  10.8   15:12   WSW
24  10.0  14.1   15:24   4.3   06:02   8.3   0.0   0.0   3.6  17.8   13:15   SSW
25   9.7  15.8   12:55   6.4   00:54   8.6   0.0   2.0   2.9  13.5   00:28     W
26   9.8  13.8   11:48   6.1   05:05   8.5   0.0   0.0   2.2   8.7   13:11     S
27  10.3  12.3   12:55   8.2   04:31   8.0   0.0   0.0   2.6  11.8   12:11    NW
28  10.8  17.5   17:15   6.0   23:44   7.5   0.0   1.0   2.5   9.4   02:04     N
29  11.5  21.6   15:22   4.1   04:12   7.2   0.4   0.0   2.3   5.5   11:42     N
30  11.1  19.9   13:50   3.8   06:01   7.3   0.1   0.0   1.9   4.9   17:52   NNW
----------------------------------------------------------------------------------
     4.6  21.6    29    -9.7    12   412.7   0.5   3.0   2.2  17.8    24     NNW

Max >=  27.0  0
Max <=   0.0  0
Min <=   0.0 20
Min <= -18.0  0
Max Rain: 2.0 on day 25
Days of Rain: 2 (>= 0.2 mm)  1 (>= 2.0 mm)  0 (>= 300.0 mm)
Heat Base: 18.3  Cool Base: 18.3  Method: Integration

Powered by Ecowitt HP2553  and   CumulusMX   v 3.19.3 (b3196)   MXUI Template v 2.2.3 by  Silver Acorn   (18.2)  Valid HTML5