NOAA-style Climate Reports

   V/Λ SELECT: Month and Year   OR  >   Month
                   Monthly Climatological Summary for Aug 2019

Name: Rjoanddalen   City: Mjølfjell   State: Voss
Elevation: 665 m  Lat: N 60° 41' 60"   Lon: E 006° 50' 39"

                  Temperature (°C), Rain (mm), Wind Speed (m/s)

                                      Heat  Cool        Avg
    Mean                              Deg   Deg         Wind                 Dom
Day Temp  High   Time   Low    Time   Days  Days  Rain  Speed High   Time    Dir
----------------------------------------------------------------------------------
01  19.2  22.2   00:00  12.2   00:00   0.0  12.9   0.0   1.1   2.4   00:00   SSW
02  20.2  19.7   00:00  13.3   00:00   0.0  12.9   0.0   1.1   2.4   00:00   SSW
03  17.2  18.2   00:00  12.5   00:00   0.0  12.9   0.0   1.1   2.4   00:00   SSW
04  16.2  20.2   00:00  11.2   00:00   0.0  12.9   0.0   1.1   2.4   00:00   SSW
05  14.2  19.2   00:00  10.8   00:00   0.0  11.1   0.0   1.1   2.4   00:00   SSW
06  13.8  16.8   14:47  11.0   14:28   1.8   0.0   5.1   0.9   3.9   19:29     S
07  13.7  20.5   16:50  10.4   05:29   4.7   0.1  10.4   0.9   4.9   16:58     S
08  13.1  21.3   13:19   9.1   05:08   5.1   0.1   2.0   0.8   7.6   13:21     S
09  16.2  24.9   15:01   8.8   01:23   3.5   1.5   0.0   1.6  11.0   22:46   SSE
10  14.3  18.5   14:42  11.7   04:09   4.0   0.0   8.4   2.7  14.6   06:25     S
11  14.1  17.6   11:35  12.1   06:34   4.2   0.0  18.8   0.8   4.5   12:26   SSW
12  13.4  19.1   15:02   9.9   23:58   4.9   0.0  14.5   0.8   5.1   15:40   SSE
13   8.4  10.0   00:01   6.4   23:54   9.9   0.0  11.4   1.5   5.5   00:19   SSE
14   8.2  13.9   14:39   5.5   06:53  10.1   0.0   5.1   1.0   5.9   15:28     S
15  10.7  18.8   13:50   2.1   05:28   7.6   0.0   0.0   1.7  10.1   18:55     S
16  12.2  18.5   14:43   9.4   23:54   6.1   0.0   2.0   1.1   6.6   00:27     S
17  11.4  15.2   15:33   9.0   01:59   6.8   0.0  24.1   1.3   7.9   09:08   SSW
18  10.4  16.6   13:28   6.1   06:08   7.9   0.0   0.0   1.3   9.1   14:50     S
19   8.9  10.1   09:37   7.4   00:00   9.4   0.0  18.5   0.8   6.1   16:13     S
20   8.9  10.8   15:22   7.0   22:33   9.4   0.0  22.1   0.7   4.8   16:56     S
21   8.8  12.6   16:45   3.8   23:59   9.5   0.0   1.0   0.9   4.5   11:54   SSE
22   7.8  11.1   18:11   3.2   02:08  10.5   0.0  10.4   1.0   5.5   17:27    SW
23  10.3  14.1   10:39   7.4   00:24   8.0   0.0   7.1   1.3  10.0   10:39   SSE
24  13.3  19.0   15:45   9.6   03:09   5.0   0.0   2.0   1.0   7.9   16:02     S
25  16.1  21.7   14:14  12.6   06:40   2.7   0.5   0.0   1.4   7.6   15:07   SSE
26  15.8  25.6   16:56   8.1   06:18   4.1   1.6   0.0   1.3   7.0   13:00    SE
27  17.1  28.1   14:57   9.2   06:32   3.6   2.4   0.0   1.2   5.5   11:18    NE
28  17.8  24.6   14:04  12.6   02:35   1.9   1.4   4.3   1.8  10.7   13:48     S
29  12.6  15.9   00:55   8.6   20:58   5.7   0.0  32.5   0.9   5.6   01:02     S
30  10.7  12.5   16:02   9.0   00:02   7.6   0.0  19.8   1.4  12.1   20:53   SSE
31  14.5  18.9   12:45  11.5   00:00   3.8   0.0  20.1   3.5  14.4   17:39   SSE
----------------------------------------------------------------------------------
    13.2  28.1    27     2.1    15   157.8  70.3 239.6   1.3  14.6    10       S

Max >=  27.0  1
Max <=   0.0  0
Min <=   0.0  0
Min <= -18.0  0
Max Rain: 32.5 on day 29
Days of Rain: 20 (>= 0.2 mm)  19 (>= 2.0 mm)  0 (>= 300.0 mm)
Heat Base: 18.3  Cool Base: 18.3  Method: Integration

Powered by Ecowitt HP2553  and   CumulusMX   v 3.21.1 (b3205)   MXUI Template v 2.2.3 by  Silver Acorn   (13.8)  Valid HTML5