NOAA-style Climate Reports

   V/Λ SELECT: Month and Year   OR  >   Month
                   Monthly Climatological Summary for Sep 2019

Name: Rjoanddalen   City: Mjølfjell   State: Voss
Elevation: 665 m  Lat: N 60° 41' 60"   Lon: E 006° 50' 39"

                  Temperature (°C), Rain (mm), Wind Speed (m/s)

                                      Heat  Cool        Avg
    Mean                              Deg   Deg         Wind                 Dom
Day Temp  High   Time   Low    Time   Days  Days  Rain  Speed High   Time    Dir
----------------------------------------------------------------------------------
01   9.3  14.6   00:42   6.7   23:34   9.0   0.0  16.5   1.7  13.5   01:53   SSE
02   7.1  13.0   13:48   4.1   06:23  11.2   0.0   2.0   1.1   6.9   13:36   SSE
03   7.8  13.4   15:09   3.1   23:58  10.5   0.0   4.1   1.2   8.9   02:14    SW
04   6.3   9.7   15:35   2.0   01:58  12.0   0.0  18.8   1.2   6.1   09:17   NNW
05   7.4  13.4   16:06   4.3   23:59  10.9   0.0   5.1   1.2   6.6   14:37   NNE
06   6.3  11.4   14:48   3.0   03:29  12.0   0.0   2.0   0.9   7.7   15:22     S
07   8.2  12.4   15:53   4.7   05:44  10.1   0.0   0.0   1.5   6.2   19:09     N
08   8.4  17.7   14:55   1.8   05:29   9.9   0.0   0.0   1.4   4.8   12:53     N
09   8.7  13.9   12:54   2.8   06:13   9.6   0.0   0.0   1.2   6.8   12:06    NW
10  10.5  14.8   16:16   7.2   04:12   7.8   0.0   1.0   0.5   3.4   17:34     S
11   9.3  11.0   03:48   7.3   23:35   9.0   0.0  13.5   1.2   8.8   19:10   SSE
12   7.7  10.4   11:35   5.8   22:52  10.6   0.0  14.5   1.3   8.3   13:22     N
13   5.0   6.6   13:30   3.6   23:12  13.3   0.0  34.8   1.0   6.9   16:07   NNE
14   5.8   8.7   11:58   4.1   00:40  12.5   0.0  51.3   1.4  13.5   18:56    SE
15   5.0   6.7   01:16   3.1   08:50  13.3   0.0  56.9   1.6   7.7   03:45   NNW
16   3.5   5.7   15:06   1.7   07:02  14.8   0.0   9.1   1.0   5.4   02:44   ESE
17   3.1   7.9   12:33   0.0   05:35  15.2   0.0   3.0   0.9   4.9   12:59   SSW
18   4.5  10.6   14:25   1.1   23:55  13.8   0.0   0.0   1.0   4.9   14:38    NW
19   2.3   6.0   14:29  -1.5   05:33  16.0   0.0   1.8   0.6   3.2   16:06   SSE
20   6.5  11.4   14:08   3.0   00:00  11.8   0.0   3.0   0.8   4.8   15:18   SSE
21   9.7  20.2   15:22   2.2   08:12   8.7   0.1   0.0   1.1   4.3   15:26    NE
22  12.2  25.2   14:52   4.0   05:59   7.1   1.0   0.0   1.4   4.9   20:24     N
23  11.1  19.0   12:21   4.7   23:53   7.2   0.0   0.0   1.8   6.9   14:33    NE
24   8.8  18.3   15:11   2.2   07:08   9.5   0.0   0.0   1.2   4.8   13:59    SW
25   7.4  14.7   12:47   1.3   03:53  10.9   0.0   0.0   1.8   6.9   13:19   ESE
26   7.6  14.7   14:21   1.8   04:44  10.7   0.0   0.0   2.0  11.7   21:58   ESE
27   9.9  15.1   15:00   8.0   23:39   8.4   0.0   4.3   2.3  13.7   09:44   WNW
28   9.8  16.7   12:18   5.9   07:39   8.5   0.0   0.0   1.3   5.8   11:08     N
29   8.5  11.9   12:49   5.4   22:16   9.8   0.0   0.0   0.8   3.8   16:43   WSW
30   4.1   7.6   15:30   0.3   21:56  14.2   0.0   0.0   1.4   6.8   13:13    NW
----------------------------------------------------------------------------------
     7.4  25.2    22    -1.5    19   328.3   1.1 241.7   1.3  13.7    27     NNE

Max >=  27.0  0
Max <=   0.0  0
Min <=   0.0  2
Min <= -18.0  0
Max Rain: 56.9 on day 15
Days of Rain: 17 (>= 0.2 mm)  15 (>= 2.0 mm)  0 (>= 300.0 mm)
Heat Base: 18.3  Cool Base: 18.3  Method: Integration

Powered by Ecowitt HP2553  and   CumulusMX   v 3.19.3 (b3196)   MXUI Template v 2.2.3 by  Silver Acorn   (18.2)  Valid HTML5