NOAA-style Climate Reports

   V/Λ SELECT: Month and Year   OR  >   Month
                   Monthly Climatological Summary for Nov 2019

Name: Rjoanddalen   City: Mjølfjell   State: Voss
Elevation: 665 m  Lat: N 60° 41' 60"   Lon: E 006° 50' 39"

                  Temperature (°C), Rain (mm), Wind Speed (m/s)

                                      Heat  Cool        Avg
    Mean                              Deg   Deg         Wind                 Dom
Day Temp  High   Time   Low    Time   Days  Days  Rain  Speed High   Time    Dir
----------------------------------------------------------------------------------
01  -0.4   1.9   12:45  -1.1   06:55  18.7   0.0   0.0   1.1   5.7   22:46     N
02  -1.1   2.8   10:43  -4.4   05:25  19.4   0.0   0.0   2.6   7.1   16:56   NNW
03  -1.8   2.4   13:07  -4.8   22:47  20.1   0.0   0.0   1.9   7.7   10:09     N
04  -1.8   3.6   13:28  -4.9   07:27  20.1   0.0   0.0   2.1   7.9   03:54   NNW
05  -3.7   0.7   13:11  -5.9   09:11  22.0   0.0   0.0   1.2   4.0   05:40     N
06  -2.2   1.7   12:29  -5.6   00:00  20.5   0.0   0.0   0.8   4.3   14:45     N
07  -2.3   0.0   13:35  -4.8   23:29  20.6   0.0   0.0   0.9   3.2   21:49     N
08  -6.6   0.1   10:35  -9.0   07:26  24.9   0.0   0.0   1.9   6.1   23:50     N
09  -5.2   0.0   10:57  -9.0   22:44  23.5   0.0   0.0   1.7   5.6   18:03     N
10  -9.3  -3.4   13:30 -12.5   23:22  27.6   0.0   0.0   1.6   4.4   11:10     N
11  -8.1  -1.3   13:23 -12.4   00:13  26.4   0.0   0.0   2.1   6.6   21:59     N
12  -0.2   1.5   14:13  -4.5   00:32  18.5   0.0   0.0   1.6   6.6   09:32     N
13   0.5   4.1   13:04  -2.4   23:56  17.8   0.0   0.0   1.2   8.1   15:26   SSW
14  -2.1   2.3   10:34  -5.8   03:43  20.4   0.0   0.0   1.6   5.4   06:04     N
15  -2.5   1.3   13:15  -6.0   07:28  20.8   0.0   0.0   1.9   5.8   22:28     N
16   0.4   1.6   09:33  -0.6   23:43  17.8   0.0   0.0   1.8   5.9   19:37     N
17  -2.8   0.8   12:14  -7.0   18:56  21.1   0.0   0.0  ----   3.9   17:55     N
18  -1.0   0.1   07:27  -4.0   00:06  19.3   0.0   0.0  ----   3.9   04:12     N
19  -5.6  -1.1   00:00 -10.6   20:49  23.2   0.0   0.0   0.7   1.9   16:49   NNE
20  -6.1   2.0   21:31 -11.5   04:06  24.3   0.0   0.0   1.1   5.7   21:43     N
21   3.0   4.2   14:44  -0.9   00:00  15.2   0.0   4.1   1.9   7.4   12:36   NNW
22   3.8   5.2   12:18   1.9   21:13  14.5   0.0   0.0   2.2  10.2   16:11    NW
23   2.8   4.8   12:54   1.0   07:27  15.5   0.0   2.0   1.4   7.2   08:05   NNW
24   3.0   4.9   21:59   0.7   03:05  15.3   0.0   0.0   1.5   8.5   10:09    NW
25   2.0   5.0   01:03   0.3   23:10  16.3   0.0   0.0   0.6   6.9   02:01     N
26   0.6   2.4   19:50  -0.6   05:40  17.7   0.0   0.0   0.6   3.9   17:46   NNW
27   0.7   2.2   12:54  -0.9   15:27  17.6   0.0   0.0   1.8   6.5   21:23     N
28  -1.7   0.7   01:22  -6.8   23:59  20.0   0.0   0.0   3.1   8.9   17:01   NNE
29  -6.1  -2.8   23:14 -10.0   09:21  24.4   0.0   0.0   1.1   5.8   16:56   WSW
30  -3.6  -2.4   11:31  -4.9   19:34  21.9   0.0   0.0   1.1   3.9   03:57    SW
----------------------------------------------------------------------------------
    -1.9   5.2    22   -12.5    10   605.4   0.0   6.1   1.6  10.2    22       N

Max >=  27.0  0
Max <=   0.0  7
Min <=   0.0 26
Min <= -18.0  0
Max Rain: 4.1 on day 21
Days of Rain: 2 (>= 0.2 mm)  2 (>= 2.0 mm)  0 (>= 300.0 mm)
Heat Base: 18.3  Cool Base: 18.3  Method: Integration

Powered by Ecowitt HP2553  and   CumulusMX   v 3.21.1 (b3205)   MXUI Template v 2.2.3 by  Silver Acorn   (13.8)  Valid HTML5