NOAA-style Climate Reports

   V/Λ SELECT: Month and Year   OR  >   Month
                   Monthly Climatological Summary for Dec 2019

Name: Rjoanddalen   City: Mjølfjell   State: Voss
Elevation: 665 m  Lat: N 60° 41' 60"   Lon: E 006° 50' 39"

                  Temperature (°C), Rain (mm), Wind Speed (m/s)

                                      Heat  Cool        Avg
    Mean                              Deg   Deg         Wind                 Dom
Day Temp  High   Time   Low    Time   Days  Days  Rain  Speed High   Time    Dir
----------------------------------------------------------------------------------
01  -2.8  -0.7   12:39  -4.3   00:00  21.1   0.0   0.0   0.7   4.9   19:13   WSW
02  -3.6  -2.5   12:04  -5.5   07:09  21.9   0.0   0.0   1.0   3.8   02:00    SW
03  -0.2   1.9   20:10  -3.4   00:00  18.5   0.0  11.4   0.4   2.4   00:19     N
04   1.9   3.5   14:56   0.4   05:29  16.4   0.0   8.4   1.9  13.5   17:14    SE
05   0.7   2.0   00:01   0.0   18:40  17.6   0.0   9.4   1.7  10.9   13:18     E
06   0.2   1.3   00:03  -0.4   23:51  18.1   0.0   9.1   0.6   7.7   08:24     E
07  -2.0  -0.3   00:00  -3.8   23:33  20.3   0.0   0.0   0.3   2.6   11:12    SE
08  -0.9   0.8   14:59  -4.3   00:51  19.2   0.0   0.0   1.3  10.3   07:47   SSE
09  -2.9   0.1   01:05  -8.3   23:59  21.2   0.0   0.0   0.1   2.6   22:42   NNW
10  -5.8   0.9   21:56 -13.4   05:37  24.1   0.0   0.0   2.2  12.4   17:55   SSE
11   0.2   1.4   01:33  -0.5   18:21  18.1   0.0   1.0   1.8   8.3   01:28   ESE
12  -0.4   0.6   03:09  -2.0   20:35  18.7   0.0   0.0   2.8  10.8   05:50   SSE
13  -0.5   0.3   19:22  -2.8   03:21  18.8   0.0   0.0   3.5  17.6   15:01     S
14   0.3   1.3   13:01  -0.7   23:37  18.0   0.0   0.0   3.4  14.3   07:19     S
15  -1.6   0.2   12:07  -5.4   19:47  19.9   0.0   0.0   1.2   7.8   10:37     N
16  -3.5  -0.5   11:50  -9.9   22:09  21.8   0.0   0.0   0.8   3.4   01:19    NW
17  -2.2   0.6   12:11  -8.1   00:00  20.5   0.0   0.0   0.9   4.7   12:25    NW
18  -2.4  -1.3   13:16  -3.3   03:42  20.7   0.0   0.0   0.7   2.9   00:52     N
19  -0.5   2.2   23:13  -5.5   03:21  18.8   0.0   9.4   2.2  11.7   15:05    SW
20   4.0   7.7   23:48   1.5   00:10  14.3   0.0  11.4   3.5  22.3   23:26     S
21   2.7   7.3   00:00  -2.4   23:57  15.6   0.0   3.0   3.3  22.8   01:56     S
22  -1.4   0.6   12:05  -3.5   04:22  19.7   0.0   0.0   2.1   5.6   02:40     N
23   0.2   1.2   12:47  -1.0   04:21  18.1   0.0   0.0   1.5   4.4   08:23     N
24  -0.9   1.2   11:31  -4.1   18:28  19.2   0.0   0.0   1.2   4.6   04:46     N
25  -3.2  -2.0   00:31  -7.1   23:01  21.5   0.0   0.0   1.0   4.0   09:32     N
26  -8.2  -5.4   03:52 -10.7   21:47  26.5   0.0   0.0   1.6   4.5   22:13     N
27 -10.2  -3.6   23:55 -12.1   10:01  28.5   0.0   0.0   1.7   3.8   00:04     N
28  -0.3   3.1   23:37  -3.7   00:01  18.6   0.0   5.3   1.3   6.8   02:24     S
29   3.6   5.4   12:16   2.1   00:31  14.7   0.0  39.9   1.6  10.3   12:15   SSE
30   1.9   3.9   04:28   0.4   23:48  16.4   0.0  34.5   1.7   9.9   17:23     N
31  -0.4   1.2   22:21  -1.7   06:29  18.7   0.0   0.0   1.4   8.9   01:28    NW
----------------------------------------------------------------------------------
    -1.2   7.7    20   -13.4    10   605.5   0.0 142.8   1.6  22.8    21     SSE

Max >=  27.0  0
Max <=   0.0  8
Min <=   0.0 27
Min <= -18.0  0
Max Rain: 39.9 on day 29
Days of Rain: 11 (>= 0.2 mm)  10 (>= 2.0 mm)  0 (>= 300.0 mm)
Heat Base: 18.3  Cool Base: 18.3  Method: Integration

Powered by Ecowitt HP2553  and   CumulusMX   v 3.19.3 (b3196)   MXUI Template v 2.2.3 by  Silver Acorn   (18.3)  Valid HTML5