NOAA-style Climate Reports

   V/Λ SELECT: Month and Year   OR  >   Month
                   Annual Climatological Summary for 2020

Name: Rjoanddalen   City: Mjølfjell   State: Voss
Elevation: 665 m  Lat: N 60° 41' 59"   Lon: E 006° 50' 40"

                  Temperature (°C), Heat Base: 17.0  Cool Base: 17.0
                          Dep.  Heat  Cool                       Max  Max  Min  Min
        Mean  Mean        From  Deg   Deg                        >=   <=   <=   <=
 YR MO  Max   Min   Mean  Norm  Days  Days  Hi  Date  Low  Date 27.0  0.0  0.0 -18.0
------------------------------------------------------------------------------------
 20  1   1.9  -2.4  -0.3   4.7   575     0   4.8   8 -10.5   10    0    4   25    0
 20  2   1.2  -4.9  -1.7   3.3   570     0   4.1   6 -11.4    3    0    9   29    0
 20  3   2.9  -4.8  -1.0   2.0   581     0   6.5  27 -12.1   13    0    1   27    0
 20  4   7.0  -2.6   1.4   1.4   496     0  11.9   6  -6.2    3    0    1   25    0
 20  5   9.8  -1.0   3.3  -3.7   459     0  17.1  30  -8.9   13    0    0   17    0
 20  6  21.0   6.4  13.1   2.1   180    24  29.3  25   2.0    3    4    0    0    0
 20  7  16.1   5.8  10.1  -1.9   257     4  26.1  31   0.0    4    0    0    1    0
 20  8  20.7   7.7  13.4   1.4   177    24  30.0  16   1.5   31    6    0    0    0
 20  9  12.4   5.0   8.5   1.5   295     0  21.8  28  -0.8   17    0    0    1    0
 20 10   9.1   1.8   4.7   0.7   421     0  15.4   3  -4.6   19    0    0   13    0
 20 11   4.7  -0.2   2.1   4.1   485     0  10.5  15  -8.3   27    0    3   13    0
 20 12   1.7  -2.1   0.0   4.0   568     0   7.5  19 -13.2   25    0    5   21    0
------------------------------------------------------------------------------------
         9.1   0.7   4.5   1.6  5065    52  30.0 Aug -13.2  Dec   10   23  172    0

                                Precipitation (mm)

              Dep.   Max        Days of Rain
              From   Obs.           >=
 YR MO Total  Norm   Day Date  0.2  2.0300.0
---------------------------------------------
 20  1 199.0  49.0  23.1  23    18   18    0
 20  2 125.2  35.2  33.5  22    15    9    0
 20  3 116.2   6.2  32.5  25    17   11    0
 20  4  83.7  28.7  35.6  15    13    9    0
 20  5  42.9 -27.1   8.1  22    16    9    0
 20  6  20.0 -90.0  11.4  21     3    3    0
 20  7 156.3  46.3  27.1  26    22   18    0
 20  8  93.9 -36.1  31.2  22    12    9    0
 20  9 266.5  46.5  33.8   4    22   18    0
 20 10 111.2 -93.8  22.4  25    15   11    0
 20 11 261.7  76.7  67.3  18    18   16    0
 20 12  27.6-152.4   8.1  27     9    6    0
---------------------------------------------
      1504.2-110.8  67.3  Nov  180  137    0

                                Wind Speed (m/s)
                          Dom
 YR MO   Avg.  Hi   Date  Dir
------------------------------
 20  1   1.6  22.5   14   WNW
 20  2   1.7  21.8   15     S
 20  3   1.7  13.3    7   ESE
 20  4   1.4  12.8   30     N
 20  5   1.6  24.0   22     N
 20  6   2.0  15.7    5     N
 20  7   1.2  13.7   28   SSE
 20  8   1.2  16.8   21   SSE
 20  9   1.3  13.4   24   SSE
 20 10   1.6  24.6   31   WSW
 20 11   1.4  22.5    1   SSE
 20 12   2.1  19.7   27     S
------------------------------
         1.6  24.6  Oct     S

Powered by Ecowitt HP2553  and   CumulusMX   v 3.19.3 (b3196)   MXUI Template v 2.2.3 by  Silver Acorn   (18.3)  Valid HTML5