NOAA-style Climate Reports

   V/Λ SELECT: Month and Year   OR  >   Month
                   Monthly Climatological Summary for Jan 2020

Name: Rjoanddalen   City: Mjølfjell   State: Voss
Elevation: 665 m  Lat: N 60° 41' 60"   Lon: E 006° 50' 39"

                  Temperature (°C), Rain (mm), Wind Speed (m/s)

                                      Heat  Cool        Avg
    Mean                              Deg   Deg         Wind                 Dom
Day Temp  High   Time   Low    Time   Days  Days  Rain  Speed High   Time    Dir
----------------------------------------------------------------------------------
01   1.5   2.8   21:32  -0.2   09:41  16.8   0.0   7.1   1.8  10.6   22:29   SSE
02   2.6   3.9   18:43   0.9   23:43  15.7   0.0   7.4   2.8  15.5   16:41   SSE
03  -2.1   3.4   01:52  -5.4   21:30  20.4   0.0   7.4   2.7  14.7   02:45     N
04  -4.5  -2.9   04:45  -6.4   19:35  22.8   0.0   0.0   1.6  10.0   00:53    NW
05  -1.0   1.8   20:44  -5.6   00:00  19.3   0.0   5.1   0.8   7.8   11:37   WSW
06   2.5   4.5   15:26   0.9   00:00  15.8   0.0  12.4   1.2   8.7   10:53   SSW
07   1.3   4.6   23:46   0.4   16:20  17.0   0.0  20.8   2.0  11.5   22:25   SSE
08   0.6   4.8   00:57  -1.3   11:15  17.7   0.0  20.1   2.8  12.8   10:17     N
09  -2.3  -0.1   00:00  -7.9   23:56  20.6   0.0   0.0   1.1   7.2   00:19     N
10  -8.3  -2.2   23:58 -10.5   09:31  26.6   0.0   0.0   1.5   5.6   23:54     N
11   0.4   2.6   15:05  -2.2   00:00  17.9   0.0  13.7   1.7   7.3   20:25   ESE
12  -0.5   1.0   00:48  -1.6   23:24  18.8   0.0   0.0   1.3   6.1   03:54     W
13  -0.5   0.5   23:55  -1.5   06:12  18.8   0.0   0.0   1.8  13.8   22:45    SW
14   0.1   1.7   03:14  -1.2   18:08  18.2   0.0   0.0   2.7  22.5   02:24   SSE
15   0.0   1.0   23:42  -0.8   08:30  17.7   0.0   0.0   0.3   3.9   00:02   SSE
16   1.4   2.3   23:55   0.6   00:06  16.8   0.0  13.5   2.1  11.8   23:27    SE
17   2.2   3.2   18:44   1.4   09:34  15.9   0.0  16.8   1.8  10.9   00:58     S
18   0.3   1.6   00:00  -0.7   22:10  18.0   0.0   2.0   0.5   3.8   15:38   SSW
19  -2.0   0.2   01:08  -4.2   10:56  20.3   0.0   0.0   1.0   6.8   03:10     W
20   1.7   3.9   17:07  -0.9   00:15  16.6   0.0  21.8   1.7  14.8   17:40   NNW
21   1.2   3.7   00:21  -0.2   23:48  17.0   0.0  15.7   2.1   8.9   02:28   NNW
22  -2.8   0.2   01:40  -8.3   18:17  21.1   0.0   0.0   1.1   4.7   02:06   WNW
23   0.7   3.1   12:33  -3.5   00:00  17.2   0.0  23.1   1.3   8.1   18:41     N
24  -0.1   1.4   00:00  -0.9   17:19  18.4   0.0   2.0   2.0  10.3   01:39     N
25   1.2   3.1   15:50  -0.6   00:00  17.1   0.0   5.3   1.9  11.2   18:18    SE
26   1.6   2.6   03:44   0.7   20:06  16.7   0.0   0.0   1.3   6.9   03:05   SSE
27   1.1   2.3   00:25  -1.3   23:58  17.2   0.0   2.8   1.3   7.8   04:05     S
28  -2.2   0.3   23:50  -6.4   09:25  20.5   0.0   0.0   2.2  11.7   19:39   NNW
29  -1.0   0.5   13:06  -2.2   23:11  19.3   0.0   0.0   0.8   5.5   00:02   NNW
30  -2.5   0.0   19:57  -6.2   06:56  20.8   0.0   0.0   1.4   6.6   19:54     W
31   0.6   2.0   14:39  -0.8   00:00  17.7   0.0   2.0   1.9  10.5   05:37    SE
----------------------------------------------------------------------------------
    -0.3   4.8     8   -10.5    10   574.7   0.0 199.0   1.6  22.5    14     SSE

Max >=  27.0  0
Max <=   0.0  4
Min <=   0.0 25
Min <= -18.0  0
Max Rain: 23.1 on day 23
Days of Rain: 18 (>= 0.2 mm)  18 (>= 2.0 mm)  0 (>= 300.0 mm)
Heat Base: 18.3  Cool Base: 18.3  Method: Integration

Powered by Ecowitt HP2553  and   CumulusMX   v 3.19.3 (b3196)   MXUI Template v 2.2.3 by  Silver Acorn   (18.3)  Valid HTML5