NOAA-style Climate Reports

   V/Λ SELECT: Month and Year   OR  >   Month
                   Monthly Climatological Summary for Feb 2020

Name: Rjoanddalen   City: Mjølfjell   State: Voss
Elevation: 665 m  Lat: N 60° 41' 60"   Lon: E 006° 50' 39"

                  Temperature (°C), Rain (mm), Wind Speed (m/s)

                                      Heat  Cool        Avg
    Mean                              Deg   Deg         Wind                 Dom
Day Temp  High   Time   Low    Time   Days  Days  Rain  Speed High   Time    Dir
----------------------------------------------------------------------------------
01   0.8   3.4   04:54  -3.3   20:39  17.5   0.0  18.8   1.3   8.3   05:29     S
02  -2.5  -0.3   13:24  -5.9   21:08  20.8   0.0   0.0   1.1   4.7   01:43   WSW
03  -5.0  -1.5   14:12 -11.4   07:02  23.3   0.0   0.0   1.5   6.9   14:47   NNE
04  -6.3  -1.0   11:05 -11.0   19:26  24.6   0.0   1.0   1.1   3.9   13:05     N
05  -0.6   2.4   16:27  -7.4   00:00  18.7   0.0   0.0   1.5   7.7   16:04   NNW
06   1.8   4.1   14:54  -1.1   23:58  16.3   0.0   5.1   0.9   5.4   00:39   WNW
07  -1.4   4.1   13:54  -4.0   08:57  19.6   0.0   0.0   1.6   6.2   21:07     N
08   1.2   3.2   12:54  -4.4   00:22  13.8   0.0   2.0   2.7  13.5   13:18   SSE
09   0.9   1.9   19:45   0.0   07:43  11.7   0.0  11.5   4.6  20.7   14:28   SSE
10  -0.5   0.9   01:57  -2.5   21:47  18.8   0.0   0.0   1.3   9.8   02:45   NNE
11  -1.3   1.8   11:42  -2.3   00:07  19.4   0.0   0.0   0.5   4.8   23:39   ESE
12  -2.3   0.0   11:24  -4.8   23:39  20.6   0.0   0.0   1.2   7.2   22:34    NW
13  -4.8  -2.6   13:40  -7.2   10:07  22.6   0.0   1.0   1.3   6.6   03:00     N
14  -2.1   0.6   23:52  -5.2   00:00  20.4   0.0   0.0   1.9  10.3   19:13   SSE
15   1.3   3.3   23:55  -1.6   08:57  17.0   0.0   5.3   4.1  21.8   23:05   SSE
16   0.5   3.2   00:00  -1.0   21:36  17.8   0.0  13.5   3.1  20.2   00:02   SSE
17   0.5   2.0   13:42  -1.1   00:21  17.8   0.0  17.8   2.3  16.0   10:35   ESE
18   0.0   1.3   14:11  -1.8   22:30  18.3   0.0   0.0   0.1   4.3   01:10     W
19  -2.1   2.1   14:41  -8.4   22:26  20.4   0.0   1.0   0.0   0.0   00:00     N
20  -0.6   2.2   13:18  -6.2   00:01  18.9   0.0   1.0   1.8  10.0   14:26     S
21   0.0   2.2   18:42  -2.2   02:53  18.3   0.0  11.7   1.7  13.9   21:03   ENE
22  -0.6   1.4   00:16  -2.2   17:38  18.9   0.0  33.5   1.0  10.7   01:08    NW
23  -1.8   1.5   13:19  -4.2   21:34  20.1   0.0   1.0   1.3   5.3   18:55   WNW
24  -4.0   0.3   12:20  -8.8   20:44  22.3   0.0   0.0   1.5   6.9   23:32    NW
25  -4.3  -0.8   13:26  -6.7   05:59  22.6   0.0   0.0   2.4  10.0   16:46   NNW
26  -5.6  -0.1   14:01  -9.6   19:39  23.9   0.0   0.0   1.9   6.6   20:49     N
27  -5.1  -1.7   14:48  -7.8   00:15  23.4   0.0   0.0   2.1   8.1   07:09     S
28  -2.8   3.6   13:38  -4.9   00:06  21.1   0.0   1.0   1.5   8.4   11:48   ESE
29  -3.0  -1.8   12:40  -4.3   05:51  21.3   0.0   0.0   4.2  21.4   19:28   WSW
----------------------------------------------------------------------------------
    -1.7   4.1     6   -11.4     3   570.2   0.0 125.2   1.7  21.8    15       S

Max >=  27.0  0
Max <=   0.0  9
Min <=   0.0 29
Min <= -18.0  0
Max Rain: 33.5 on day 22
Days of Rain: 15 (>= 0.2 mm)  9 (>= 2.0 mm)  0 (>= 300.0 mm)
Heat Base: 18.3  Cool Base: 18.3  Method: Integration

Powered by Ecowitt HP2553  and   CumulusMX   v 3.19.3 (b3196)   MXUI Template v 2.2.3 by  Silver Acorn   (18.2)  Valid HTML5