NOAA-style Climate Reports

   V/Λ SELECT: Month and Year   OR  >   Month
                   Monthly Climatological Summary for Mar 2020

Name: Rjoanddalen   City: Mjølfjell   State: Voss
Elevation: 665 m  Lat: N 60° 41' 60"   Lon: E 006° 50' 39"

                  Temperature (°C), Rain (mm), Wind Speed (m/s)

                                      Heat  Cool        Avg
    Mean                              Deg   Deg         Wind                 Dom
Day Temp  High   Time   Low    Time   Days  Days  Rain  Speed High   Time    Dir
----------------------------------------------------------------------------------
01  -1.7   1.3   15:39  -4.4   04:14  20.0   0.0   0.0   2.6  12.7   00:24     N
02   0.4   3.5   13:36  -2.0   23:49  17.9   0.0   0.0   1.8   8.3   16:02     S
03  -0.1   4.2   11:03  -3.3   02:19  18.4   0.0   0.0   2.4  12.8   07:33    SW
04  -1.2   2.0   13:00  -3.1   23:26  19.5   0.0   1.0   1.5   5.7   02:56     N
05  -2.8   1.2   12:47  -8.3   23:57  21.1   0.0   1.0   1.1   3.8   22:52     N
06  -4.9   0.9   15:12 -11.0   05:02  23.1   0.0   0.0   1.5   3.6   00:32     N
07  -3.5   0.5   13:48  -9.0   02:27  21.8   0.0   0.0   3.0  13.3   22:23   SSE
08   2.1   3.8   10:40   0.3   00:00  16.2   0.0   9.1   2.2  12.2   05:34   SSE
09   1.1   3.1   11:56  -0.1   23:41  17.2   0.0   4.3   0.7   4.9   21:15     S
10   1.1   4.2   14:16  -0.2   06:52  17.2   0.0   1.8   2.6  11.8   13:44   SSE
11   0.2   2.4   13:11  -1.4   22:38  18.1   0.0   1.0   0.9   7.5   10:33     E
12  -0.7   2.8   10:45  -3.7   06:19  19.0   0.0   0.0   0.5   6.8   00:24    SE
13  -3.0   1.0   13:50 -12.1   23:05  15.5   0.0   6.3   2.1   5.5   15:37     N
14  -3.2   0.0   10:47  -5.5   18:48  11.3   0.0   5.3   2.7  11.5   23:39     S
15   0.8   3.2   15:37  -2.0   00:04  17.5   0.0   6.9   2.1  10.4   15:39   SSE
16  -0.2   4.7   13:45  -3.2   06:33  18.5   0.0   3.3   2.3   7.6   14:34    SE
17   0.6   2.5   13:40  -1.4   00:00  17.7   0.0   9.4   1.6  11.6   06:41    SE
18  -0.5   1.2   14:43  -1.5   09:25  18.6   0.0   0.0   0.3   5.7   17:44   NNE
19  -1.0   3.1   12:40  -8.2   23:52  19.3   0.0   0.0   1.0   5.5   18:02   NNW
20  -5.4   2.0   14:23 -11.0   05:37  23.7   0.0   0.0   2.0   4.9   10:51     N
21  -7.1   1.9   13:57 -12.1   05:19  25.4   0.0   0.0   2.5   5.7   11:26     N
22  -2.9   1.7   10:58  -9.3   00:00  21.2   0.0   0.0   1.9   7.8   13:52   SSE
23   0.2   5.5   13:50  -4.2   07:37  18.1   0.0   1.0   2.7  12.0   16:57    SE
24   2.6   5.9   11:23   0.4   05:56  15.7   0.0  20.6   2.7  11.7   12:47    SE
25   3.0   4.8   04:24   0.9   23:39  15.3   0.0  32.5   2.3  11.7   08:23     E
26   1.8   3.4   13:44   0.5   06:58  16.5   0.0   9.4   0.5   3.6   03:15    SW
27   1.7   6.5   11:56   0.0   22:42  16.6   0.0   1.3   1.1   5.4   10:45     W
28  -1.8   4.5   13:41  -9.1   23:57  20.1   0.0   0.0   2.1  10.0   01:25     N
29  -4.8   0.1   16:21 -11.8   05:52  22.1   0.0   0.0   0.4   0.0   00:00     N
30  -1.3   5.4   14:24  -6.6   22:01  19.6   0.0   0.0   0.4   0.0   00:00     N
31  -0.8   3.7   15:05  -5.2   00:00  19.1   0.0   2.0   0.4   0.0   00:00     N
----------------------------------------------------------------------------------
    -1.0   6.5    27   -12.1    13   581.3   0.0 116.2   1.7  13.3     7     ESE

Max >=  27.0  0
Max <=   0.0  1
Min <=   0.0 27
Min <= -18.0  0
Max Rain: 32.5 on day 25
Days of Rain: 17 (>= 0.2 mm)  11 (>= 2.0 mm)  0 (>= 300.0 mm)
Heat Base: 18.3  Cool Base: 18.3  Method: Integration

Powered by Ecowitt HP2553  and   CumulusMX   v 3.19.3 (b3196)   MXUI Template v 2.2.3 by  Silver Acorn   (18.1)  Valid HTML5