NOAA-style Climate Reports

   V/Λ SELECT: Month and Year   OR  >   Month
                   Monthly Climatological Summary for Apr 2020

Name: Rjoanddalen   City: Mjølfjell   State: Voss
Elevation: 665 m  Lat: N 60° 41' 60"   Lon: E 006° 50' 39"

                  Temperature (°C), Rain (mm), Wind Speed (m/s)

                                      Heat  Cool        Avg
    Mean                              Deg   Deg         Wind                 Dom
Day Temp  High   Time   Low    Time   Days  Days  Rain  Speed High   Time    Dir
----------------------------------------------------------------------------------
01   0.7   2.7   13:42  -0.8   22:44  13.4   0.0  11.2   0.2   0.0   00:00     N
02  -1.9  -0.3   07:12  -3.6   11:28  20.2   0.0   0.0   0.0   0.0   00:00     N
03  -3.2   1.8   14:26  -6.2   20:51  21.5   0.0   1.0   0.0   0.0   00:00     N
04  -2.2   3.9   14:56  -5.3   04:37  20.5   0.0   1.0   0.0   0.0   00:00     N
05   2.3   7.3   15:35  -3.1   00:00  16.0   0.0   3.0   0.0   0.0   00:00     N
06   5.8  11.9   14:48   2.1   23:52  12.5   0.0   3.0   0.0   0.0   00:00     N
07   3.7   8.9   14:15   1.2   06:46  14.6   0.0   2.0   0.0   0.0   00:00     N
08   2.5   4.1   09:28  -0.5   22:55  15.8   0.0   6.6   0.0   0.0   00:00     N
09   0.3   5.8   14:31  -2.0   06:22  18.0   0.0   1.0   1.6   5.6   03:48   WNW
10  -1.0   5.3   15:13  -5.3   07:24  19.3   0.0   0.0   2.0   4.9   12:32     N
11   0.3   3.6   16:28  -5.8   00:40  18.0   0.0   5.1   1.5   5.4   23:44   NNE
12   1.0   5.5   15:11  -4.1   23:37  17.3   0.0   9.4   2.4  10.8   17:31   NNW
13  -1.8   4.3   15:05  -5.2   02:13  20.1   0.0   0.0   2.0   7.9   10:45   NNW
14  -0.5   3.7   15:22  -4.4   00:53  18.8   0.0   1.0   1.3   6.5   18:45   ENE
15   2.7   5.4   12:13   0.2   00:19  15.6   0.0  35.6   2.4  12.0   13:08     N
16   1.3   7.0   14:47  -1.9   23:49  17.0   0.0   0.0   1.7   7.3   00:54    NW
17  -0.1   8.5   15:01  -4.8   04:29  18.4   0.0   0.0   1.6   5.9   11:57     N
18   0.5   9.5   15:00  -5.9   06:06  17.8   0.0   0.0   1.8   4.9   00:55     N
19   2.0  10.3   14:28  -3.6   05:38  16.3   0.0   0.0   1.8   4.4   15:03     N
20   4.0  11.2   14:24  -1.0   05:43  14.3   0.0   0.0   1.9   4.6   10:34     N
21   2.8  11.6   14:50   0.3   06:06  10.4   0.0   0.0   2.1   4.8   01:00     N
22   4.2  11.7   14:46  -0.4   05:41  14.0   0.0   0.0   2.0   4.3   04:38     N
23   3.3  11.3   14:43  -1.6   06:23  14.9   0.0   0.0   1.9   4.6   14:55     N
24   2.6   8.5   12:20  -1.7   23:58  15.7   0.0   0.0   1.5   6.4   13:25     N
25   1.7  10.0   14:31  -4.2   06:40  16.6   0.0   0.0   1.7   4.3   14:01     N
26   2.6   9.4   15:46  -3.6   06:23  15.7   0.0   0.0   1.5   3.9   15:54     N
27   3.1   7.0   14:38   0.3   04:22  15.2   0.0   3.8   1.7   8.0   10:28   NNW
28   3.6   8.9   12:36  -2.3   23:48  14.7   0.0   0.0   2.0   8.8   06:53   NNE
29   1.5   6.9   14:06  -3.7   04:33  16.8   0.0   0.0   2.3   8.7   19:38   SSE
30   1.4   3.8   13:45   0.0   00:48  16.9   0.0   0.0   2.7  12.8   13:32   WSW
----------------------------------------------------------------------------------
     1.4  11.9     6    -6.2     3   496.3   0.0  83.7   1.4  12.8    30       N

Max >=  27.0  0
Max <=   0.0  1
Min <=   0.0 25
Min <= -18.0  0
Max Rain: 35.6 on day 15
Days of Rain: 13 (>= 0.2 mm)  9 (>= 2.0 mm)  0 (>= 300.0 mm)
Heat Base: 18.3  Cool Base: 18.3  Method: Integration

Powered by Ecowitt HP2553  and   CumulusMX   v 3.19.3 (b3196)   MXUI Template v 2.2.3 by  Silver Acorn   (18.9)  Valid HTML5