NOAA-style Climate Reports

   V/Λ SELECT: Month and Year   OR  >   Month
                   Monthly Climatological Summary for May 2020

Name: Rjoanddalen   City: Mjølfjell   State: Voss
Elevation: 665 m  Lat: N 60° 41' 60"   Lon: E 006° 50' 39"

                  Temperature (°C), Rain (mm), Wind Speed (m/s)

                                      Heat  Cool        Avg
    Mean                              Deg   Deg         Wind                 Dom
Day Temp  High   Time   Low    Time   Days  Days  Rain  Speed High   Time    Dir
----------------------------------------------------------------------------------
01   2.0   5.2   15:48   0.1   06:51  14.7   0.0   0.0   1.8   8.7   00:21     N
02   2.8   6.7   17:19   0.4   04:48  15.4   0.0   6.6   0.7   4.9   14:58    NW
03   3.0   8.5   15:08   0.1   23:59  15.3   0.0   1.0   1.0   5.7   19:45    NW
04   1.2   8.6   13:01  -4.0   23:57  16.9   0.0   0.0   1.4   4.9   10:49   NNW
05   0.5   8.8   14:58  -6.8   05:55  17.7   0.0   0.0   1.7   5.4   15:55     N
06   3.4  10.0   16:12   0.4   05:09  14.8   0.0   0.8   1.2   6.1   17:50    NW
07   3.1   9.0   12:32  -2.1   06:08  15.0   0.0   0.0   1.2   4.6   01:19     N
08   2.8   6.8   14:50  -0.7   23:59  15.4   0.0   2.8   1.3   5.9   07:06     N
09   2.3   7.4   16:08  -1.1   00:36  15.8   0.0   1.0   1.1   6.1   19:11    NE
10   0.6   7.7   14:04  -4.5   23:27  17.7   0.0   2.0   1.5   7.8   16:27     N
11   0.5   9.1   12:28  -4.8   01:01  17.7   0.0   0.0   1.4   7.3   18:59   NNW
12   0.0   8.0   15:04  -4.8   23:59  18.2   0.0   1.3   1.8   7.7   01:57   NNW
13  -1.6   7.5   15:04  -8.9   05:54  19.9   0.0   0.0   1.9   7.1   20:46     N
14   0.9   9.0   14:47  -4.7   01:39  17.1   0.0   1.0   1.4   4.9   20:58    NW
15   1.3   6.0   15:04  -1.8   23:42  17.0   0.0   2.0   1.4   6.5   20:28     N
16  -0.2   3.1   15:06  -2.7   04:24  18.5   0.0   4.1   1.9  11.4   18:18   NNE
17   2.3   8.6   14:31  -1.2   03:52  15.8   0.0   2.3   1.4   7.4   15:41   NNE
18   3.3   9.7   13:34  -1.1   23:44  15.0   0.0   0.0   1.3   4.1   00:52     N
19   2.2  10.8   15:56  -4.6   05:32  16.0   0.0   0.0   1.8   4.9   16:41     N
20   3.4  10.9   13:47  -3.3   04:25  14.9   0.0   0.0   2.2   5.0   09:25     N
21   5.9  13.2   14:27   2.2   01:51  12.3   0.0   0.0   1.9   4.6   11:34     N
22   6.9  11.4   12:53   3.4   01:40  11.3   0.0   8.1   4.4  24.0   18:29   SSE
23   6.2  11.7   14:51   2.9   04:15  12.1   0.0   3.3   2.4   9.8   17:43   SSE
24   5.4  10.8   15:10   3.2   23:29  12.9   0.0   1.5   1.7   7.4   00:48   NNW
25   6.3  13.6   13:56   1.5   03:38  11.8   0.0   0.0   1.5   4.8   14:06     N
26   4.6   8.9   15:17   2.2   05:15  13.2   0.0   1.0   1.1   8.8   19:05   NNW
27   5.1  11.6   12:29   2.1   03:24  13.2   0.0   4.1   1.1   5.7   12:17    NW
28   5.4  12.6   13:44   0.3   23:53  12.8   0.0   0.0   1.3   3.9   14:45     N
29   6.2  15.1   14:20  -1.4   04:39  12.1   0.0   0.0   1.9   4.6   10:59     N
30   8.8  17.1   13:32   3.3   02:37   9.5   0.0   0.0   2.2   4.9   13:12     N
31   9.1  16.6   12:56   4.4   00:00   9.2   0.0   0.0   2.3   4.6   01:36     N
----------------------------------------------------------------------------------
     3.3  17.1    30    -8.9    13   459.2   0.0  42.9   1.6  24.0    22       N

Max >=  27.0  0
Max <=   0.0  0
Min <=   0.0 17
Min <= -18.0  0
Max Rain: 8.1 on day 22
Days of Rain: 16 (>= 0.2 mm)  9 (>= 2.0 mm)  0 (>= 300.0 mm)
Heat Base: 18.3  Cool Base: 18.3  Method: Integration

Powered by Ecowitt HP2553  and   CumulusMX   v 3.19.3 (b3196)   MXUI Template v 2.2.3 by  Silver Acorn   (19.6)  Valid HTML5