NOAA-style Climate Reports

   V/Λ SELECT: Month and Year   OR  >   Month
                   Monthly Climatological Summary for Jun 2020

Name: Rjoanddalen   City: Mjølfjell   State: Voss
Elevation: 665 m  Lat: N 60° 41' 60"   Lon: E 006° 50' 39"

                  Temperature (°C), Rain (mm), Wind Speed (m/s)

                                      Heat  Cool        Avg
    Mean                              Deg   Deg         Wind                 Dom
Day Temp  High   Time   Low    Time   Days  Days  Rain  Speed High   Time    Dir
----------------------------------------------------------------------------------
01   8.7  17.8   13:56   3.5   03:45   9.6   0.0   0.0   2.3   4.7   12:23     N
02   8.4  16.5   13:33   2.9   04:51   9.9   0.0   0.0   2.0   4.7   15:00     N
03   8.9  19.1   14:40   2.0   05:43   9.4   0.0   0.0   1.7   4.6   13:03     N
04   8.5  11.7   13:03   4.1   05:20   9.8   0.0   0.0   2.4  11.7   12:50   SSW
05  10.3  15.4   12:55   4.9   23:42   8.0   0.0   0.0   3.5  15.7   16:21    SW
06   7.4  13.1   14:29   3.0   04:27  10.9   0.0   0.0   1.1   3.8   10:33     N
07   6.5  12.3   17:04   3.3   04:12  11.8   0.0   2.0   0.9   5.7   21:25   NNW
08   8.2  15.6   14:55   2.0   04:24  10.0   0.0   0.0   1.6   4.8   19:16     N
09  10.2  18.5   15:55   3.2   01:03   8.1   0.0   0.0   1.9   7.8   12:23   NNE
10  11.8  20.0   16:59   3.3   02:07   6.5   0.1   0.0   1.9   7.0   11:54   ENE
11  13.3  21.2   14:33   6.5   01:32   5.4   0.5   0.0   2.5   5.8   03:17     N
12  15.2  24.3   15:10   6.5   03:46   4.1   1.0   0.0   2.2   6.9   11:38     N
13  17.0  25.3   15:14  11.2   23:46   2.5   1.3   0.0   1.8   8.0   12:55     N
14  13.8  21.1   16:39   7.7   23:52   4.7   0.1   0.0   2.2   5.9   04:48     N
15  14.4  23.9   16:44   5.9   04:47   5.2   1.3   0.0   2.2   6.0   13:42     N
16  15.7  24.8   16:00   7.9   03:48   4.1   1.5   0.0   2.4   5.9   14:29     N
17  16.2  26.0   15:56   8.8   01:39   4.0   1.9   0.0   2.3   5.8   12:22     N
18  16.2  26.2   14:36   7.3   04:18   4.2   2.1   0.0   2.3   5.7   12:44     N
19  18.0  26.7   15:07  10.4   03:01   2.7   2.4   0.0   2.3   6.3   10:54     N
20  16.6  21.9   11:37  10.2   01:39   2.6   0.9   0.0   1.7   5.9   14:27     N
21  12.7  15.2   02:20   7.9   23:58   5.6   0.0  11.4   2.1  12.3   08:21   NNW
22  11.7  19.3   16:13   5.8   03:12   6.6   0.0   0.0   1.2   6.6   11:48     N
23  12.7  23.2   13:47   5.4   03:08   5.9   0.3   0.0   1.7   5.0   15:02   NNE
24  16.7  27.1   14:59   7.9   05:06   3.9   2.3   0.0   1.8   5.8   12:58   ENE
25  17.5  29.3   16:11   7.9   04:42   3.8   3.0   0.0   1.8   4.8   15:25     N
26  17.7  28.1   14:48   8.1   04:21   3.6   3.0   0.0   1.7   5.8   15:41    NE
27  18.9  27.6   14:05  10.9   05:30   2.0   2.6   0.0   2.3  10.2   22:32   SSE
28  15.2  19.1   11:07   8.7   23:58   3.2   0.0   6.6   2.2  11.3   13:24   SSW
29  11.3  17.9   12:00   4.6   03:46   7.0   0.0   0.0   1.6   7.1   11:55     S
30  13.0  20.4   12:57   8.9   05:19   5.4   0.0   0.0   1.3   6.3   12:49   NNW
----------------------------------------------------------------------------------
    13.1  29.3    25     2.0     3   180.5  24.3  20.0   2.0  15.7     5       N

Max >=  27.0  4
Max <=   0.0  0
Min <=   0.0  0
Min <= -18.0  0
Max Rain: 11.4 on day 21
Days of Rain: 3 (>= 0.2 mm)  3 (>= 2.0 mm)  0 (>= 300.0 mm)
Heat Base: 18.3  Cool Base: 18.3  Method: Integration

Powered by Ecowitt HP2553  and   CumulusMX   v 3.19.3 (b3196)   MXUI Template v 2.2.3 by  Silver Acorn   (18.4)  Valid HTML5