NOAA-style Climate Reports

   V/Λ SELECT: Month and Year   OR  >   Month
                   Monthly Climatological Summary for Jul 2020

Name: Rjoanddalen   City: Mjølfjell   State: Voss
Elevation: 665 m  Lat: N 60° 41' 60"   Lon: E 006° 50' 40"

                  Temperature (°C), Rain (mm), Wind Speed (m/s)

                                      Heat  Cool        Avg
    Mean                              Deg   Deg         Wind                 Dom
Day Temp  High   Time   Low    Time   Days  Days  Rain  Speed High   Time    Dir
----------------------------------------------------------------------------------
01   9.7  12.6   10:24   6.1   23:48   8.6   0.0   1.8   1.1   5.5   04:15     S
02   7.0  13.3   14:17   3.8   04:50  11.3   0.0   0.8   1.5   8.5   16:01   SSE
03   4.2   7.6   18:14   1.4   23:55  14.1   0.0  18.0   0.7   2.8   18:36     S
04   9.2  19.0   14:15   0.0   05:12   9.1   0.0   0.0   1.5   5.4   13:56    NE
05   9.1  14.9   15:34   6.3   23:37   9.1   0.0  25.9   1.6   7.1   12:00   WNW
06   7.7  10.2   11:28   4.6   23:58  10.6   0.0  13.5   1.1   8.7   15:03   NNW
07   6.6  14.6   16:02   2.4   07:09  11.7   0.0   6.6   1.1   5.9   19:21   NNW
08   7.8  14.3   15:08   4.3   02:42  10.5   0.0   1.0   1.2   6.9   15:29     S
09   8.4  16.2   15:41   3.8   23:58   9.9   0.0   0.0   1.1   6.6   15:26   WNW
10   9.4  20.2   13:56   0.7   04:41   9.0   0.1   2.0   1.4   7.5   15:28     N
11   7.9  12.4   14:04   5.3   23:51  10.4   0.0   4.8   1.1   7.6   13:47   SSE
12   7.8  11.9   16:17   4.8   04:04  10.5   0.0   2.3   0.7   4.5   18:01    SE
13   9.7  15.2   15:28   6.5   03:38   8.6   0.0   0.0   1.0   7.9   13:45   SSE
14  11.3  17.2   16:56   7.6   04:59   7.0   0.0   5.1   1.1   4.9   18:21     N
15  13.1  19.0   16:58   8.0   05:04   5.0   0.0   0.0   0.9   5.7   19:02   SSE
16  14.5  22.5   14:25   7.7   04:25   4.4   0.6   0.0   1.3   6.6   12:11    SE
17  11.5  12.8   17:09  10.2   23:30   6.8   0.0   8.4   0.9   6.5   09:28   SSE
18  11.5  15.7   11:40   9.1   05:53   6.8   0.0   9.1   1.1   7.8   16:16   SSE
19  10.9  16.4   13:47   7.9   23:31   7.3   0.0   2.0   0.8   4.9   13:27   SSE
20   8.6  12.1   13:02   5.7   23:58   9.7   0.0   4.1   0.9   4.6   17:24     S
21   8.0  12.8   16:47   5.5   04:53  10.3   0.0   1.0   1.2   5.9   14:03     S
22   7.7  12.9   16:59   4.8   05:12  10.6   0.0   2.0   1.1   5.4   11:50     S
23   9.2  19.7   15:36   0.4   06:16   9.2   0.1   0.0   1.0   4.4   13:04     N
24  12.0  22.7   15:24   3.0   05:53   6.9   0.6   0.0   1.3   6.6   12:38   NNE
25  12.1  22.7   14:21   2.3   05:20   6.9   0.7   0.0   1.1   6.1   14:30   SSE
26  13.1  15.9   11:29  11.0   23:50   5.2   0.0  27.1   1.3   7.9   15:35    SW
27  12.1  14.9   10:27   9.0   05:09   6.2   0.0   3.8   2.0  10.4   18:41     S
28  13.5  18.8   14:46  10.4   23:58   4.8   0.0   6.6   2.6  13.7   00:58     S
29  11.8  18.6   13:12   8.4   06:00   6.5   0.0   2.8   1.0   4.9   12:50   SSE
30  11.7  15.9   17:54   8.8   07:21   6.6   0.0   7.6   0.8   5.4   21:25   SSW
31  16.1  26.1   14:56   8.6   06:59   3.8   1.6   0.0   1.2   6.3   12:37    SE
----------------------------------------------------------------------------------
    10.1  26.1    31     0.0     4   257.4   3.7 156.3   1.2  13.7    28       S

Max >=  27.0  0
Max <=   0.0  0
Min <=   0.0  1
Min <= -18.0  0
Max Rain: 27.1 on day 26
Days of Rain: 22 (>= 0.2 mm)  18 (>= 2.0 mm)  0 (>= 300.0 mm)
Heat Base: 18.3  Cool Base: 18.3  Method: Integration

Powered by Ecowitt HP2553  and   CumulusMX   v 3.21.1 (b3205)   MXUI Template v 2.2.3 by  Silver Acorn   (13.8)  Valid HTML5