NOAA-style Climate Reports

   V/Λ SELECT: Month and Year   OR  >   Month
                   Monthly Climatological Summary for Aug 2020

Name: Rjoanddalen   City: Mjølfjell   State: Voss
Elevation: 665 m  Lat: N 60° 41' 60"   Lon: E 006° 50' 40"

                  Temperature (°C), Rain (mm), Wind Speed (m/s)

                                      Heat  Cool        Avg
    Mean                              Deg   Deg         Wind                 Dom
Day Temp  High   Time   Low    Time   Days  Days  Rain  Speed High   Time    Dir
----------------------------------------------------------------------------------
01  17.8  26.5   14:21  10.0   05:34   2.6   2.1   0.0   1.9   8.0   18:33   SSE
02  12.4  19.9   11:13   8.2   23:40   5.9   0.0   8.9   1.4   5.8   17:29    SE
03   9.1  13.3   14:11   7.2   23:34   9.2   0.0   6.3   1.2   6.9   14:27   SSE
04   9.0  13.8   16:43   6.4   23:52   9.3   0.0   0.0   0.8   6.0   14:39   SSE
05  10.6  13.0   19:00   6.0   00:17   7.6   0.0   8.1   1.2   7.6   07:05   SSW
06  14.1  18.9   17:16  10.6   05:19   4.2   0.0   1.0   0.8   3.2   22:51   NNW
07  15.0  21.4   11:38   9.7   04:43   3.3   0.0   0.0   1.1   5.9   11:41   SSE
08  15.3  20.2   09:54   8.2   23:58   3.1   0.1   0.0   1.3   6.9   10:20   SSE
09  13.7  25.3   16:44   4.8   06:46   5.9   1.3   0.0   0.9   3.9   10:08   NNW
10  16.7  26.8   15:46   9.4   00:51   3.5   1.9   0.0   1.6   6.5   11:43     N
11  16.8  27.2   14:47   9.1   05:52   3.6   2.1   0.0   1.1   3.9   14:01   NNE
12  18.8  29.3   14:59  10.6   04:41   2.7   3.2   0.0   1.1   4.3   15:46   NNE
13  16.4  20.8   15:00  13.6   05:01   2.3   0.4   0.8   0.7   3.9   10:31   NNW
14  17.7  26.1   16:01  10.9   23:57   2.5   1.8   0.0   1.0   5.8   15:03     S
15  16.1  27.0   16:44   7.2   05:45   4.3   2.1   0.0   1.2   5.5   14:28     S
16  17.9  30.0   15:19   9.2   05:50   3.5   3.1   0.0   1.0   3.5   13:24     N
17  17.8  28.5   14:50   9.5   06:07   3.3   2.7   0.0   1.1   5.9   15:14    SE
18  17.7  27.2   13:36  10.2   05:59   2.7   2.1   0.0   1.2   5.5   12:38   WNW
19  15.9  22.1   14:46  12.0   06:22   2.7   0.3   0.0   0.9   4.8   15:27   SSE
20  16.2  23.6   13:20  10.7   07:21   3.1   0.9   0.0   1.7   9.5   13:52     S
21  15.4  20.1   11:55  12.3   23:53   3.0   0.1  12.7   3.2  16.8   16:21     S
22  11.7  13.1   13:30   9.6   23:53   6.6   0.0  31.2   1.8  11.7   09:50   SSE
23   9.4  11.8   11:37   4.7   21:57   8.9   0.0  14.7   0.9   6.6   20:36   SSE
24   6.0  10.4   13:35   3.4   03:04  12.2   0.0   3.8   0.9   6.6   12:40    SE
25   7.7  13.8   15:59   3.8   23:48  10.6   0.0   2.0   0.9   5.5   15:12   SSE
26  10.6  20.5   15:59   2.9   02:52   7.8   0.2   0.0   1.5   5.4   12:38   NNE
27  10.8  18.2   16:01   4.5   03:34   7.5   0.0   0.0   0.9   4.9   12:31   SSE
28  10.4  18.4   12:08   5.1   01:52   7.9   0.0   0.0   1.1   6.4   11:40    NW
29   9.3  17.3   13:13   4.1   23:48   9.0   0.0   3.6   1.2   5.9   15:40   NNW
30   9.3  18.4   14:38   3.9   01:15   9.0   0.0   0.8   0.8   4.8   15:40    NW
31   9.0  18.9   14:49   1.5   06:01   9.3   0.0   0.0   1.2   5.0   14:11   SSE
----------------------------------------------------------------------------------
    13.4  30.0    16     1.5    31   177.1  24.4  93.9   1.2  16.8    21     SSE

Max >=  27.0  6
Max <=   0.0  0
Min <=   0.0  0
Min <= -18.0  0
Max Rain: 31.2 on day 22
Days of Rain: 12 (>= 0.2 mm)  9 (>= 2.0 mm)  0 (>= 300.0 mm)
Heat Base: 18.3  Cool Base: 18.3  Method: Integration

Powered by Ecowitt HP2553  and   CumulusMX   v 3.19.3 (b3196)   MXUI Template v 2.2.3 by  Silver Acorn   (18.2)  Valid HTML5