NOAA-style Climate Reports

   V/Λ SELECT: Month and Year   OR  >   Month
                   Monthly Climatological Summary for Sep 2020

Name: Rjoanddalen   City: Mjølfjell   State: Voss
Elevation: 665 m  Lat: N 60° 41' 60"   Lon: E 006° 50' 40"

                  Temperature (°C), Rain (mm), Wind Speed (m/s)

                                      Heat  Cool        Avg
    Mean                              Deg   Deg         Wind                 Dom
Day Temp  High   Time   Low    Time   Days  Days  Rain  Speed High   Time    Dir
----------------------------------------------------------------------------------
01  10.0  20.0   14:17   2.6   06:34   8.4   0.1   0.0   1.4   6.6   14:32   SSE
02  11.0  19.0   15:02   3.8   06:32   7.4   0.0   0.0   1.7   7.8   11:33   SSE
03  10.4  11.6   00:01   8.6   06:45   7.9   0.0   0.8   2.8  10.3   02:50     S
04   8.4   9.8   00:05   5.4   23:58   9.9   0.0  33.8   0.7   4.4   12:19   SSW
05   6.2   9.0   15:19   4.9   07:00  12.1   0.0  26.2   0.6   3.6   17:55     S
06   6.5   9.8   16:42   4.4   06:49  11.8   0.0  11.7   0.7   3.8   16:11     S
07   6.5   8.9   23:25   4.5   05:22  11.8   0.0   9.4   1.1   7.4   19:37   SSE
08   7.9   9.8   13:36   6.5   06:38  10.4   0.0  18.5   1.3   7.2   19:22   NNW
09   6.7   9.1   11:57   4.2   23:53  11.6   0.0  19.8   0.8   5.4   13:54   SSE
10   5.1  10.1   14:58   2.5   06:00  13.0   0.0   4.1   1.1   6.0   13:09     S
11   6.1   8.6   13:54   4.1   01:17  12.1   0.0  13.7   1.5   7.8   16:19   SSE
12   5.7   8.7   13:45   4.2   22:31  12.5   0.0  28.2   1.2   5.7   11:29   NNW
13   5.7   8.4   15:37   2.5   04:02  12.6   0.0  15.2   0.5   5.7   02:25   SSW
14  10.3  12.9   14:06   7.2   00:00   8.0   0.0  21.1   0.4   3.4   13:51    SE
15  11.1  12.8   15:30   9.9   22:56   7.2   0.0  10.9   0.4   4.7   23:09   WSW
16   8.6  13.7   14:55   1.5   23:46   9.7   0.0   5.6   2.2   7.9   15:14     N
17   6.5  16.3   12:39  -0.8   07:29  11.7   0.0   0.0   1.3   7.7   16:27   ESE
18   7.9  10.2   14:51   5.9   06:42  10.4   0.0   1.0   0.7   3.4   19:26   SSE
19   9.8  17.0   14:14   4.4   22:16   8.5   0.0   1.0   0.8   3.9   14:30   SSE
20   6.9   9.4   21:00   3.5   02:58  11.4   0.0   1.0   0.5   3.2   20:01   WSW
21   9.7  11.7   14:50   7.6   22:01   8.6   0.0   0.0   2.0  12.2   09:29    SE
22   8.5  10.9   15:45   6.9   04:39   9.8   0.0   4.1   1.2   8.7   15:08   SSE
23   8.8  11.0   03:57   5.0   20:54   9.5   0.0   6.1   1.3   8.7   05:48    SE
24   7.5  11.3   12:16   4.6   23:51  10.8   0.0  27.2   2.3  13.4   12:27   SSE
25   6.8  12.1   13:49   2.8   08:45  11.4   0.0   4.3   1.4   9.1   23:43   NNW
26   7.9  11.9   11:36   5.1   08:15  10.4   0.0   0.0   4.0  11.8   14:56     N
27  10.6  18.7   12:44   4.4   06:49   7.7   0.0   0.0   1.2   4.3   02:32     N
28  14.0  21.8   12:35   8.0   07:30   4.6   0.3   0.0   1.4   7.0   15:00     W
29  11.3  12.9   00:00   8.6   23:58   7.0   0.0   2.8   0.8   6.6   03:22    SW
30  11.2  15.5   14:36   8.3   01:34   7.1   0.0   0.0   2.3  12.0   22:18     S
----------------------------------------------------------------------------------
     8.5  21.8    28    -0.8    17   295.3   0.4 266.5   1.3  13.4    24     SSE

Max >=  27.0  0
Max <=   0.0  0
Min <=   0.0  1
Min <= -18.0  0
Max Rain: 33.8 on day 4
Days of Rain: 22 (>= 0.2 mm)  18 (>= 2.0 mm)  0 (>= 300.0 mm)
Heat Base: 18.3  Cool Base: 18.3  Method: Integration

Powered by Ecowitt HP2553  and   CumulusMX   v 3.19.3 (b3196)   MXUI Template v 2.2.3 by  Silver Acorn   (18.2)  Valid HTML5