NOAA-style Climate Reports

   V/Λ SELECT: Month and Year   OR  >   Month
                   Monthly Climatological Summary for Nov 2020

Name: Rjoanddalen   City: Mjølfjell   State: Voss
Elevation: 665 m  Lat: N 60° 41' 59"   Lon: E 006° 50' 40"

                  Temperature (°C), Rain (mm), Wind Speed (m/s)

                                      Heat  Cool        Avg
    Mean                              Deg   Deg         Wind                 Dom
Day Temp  High   Time   Low    Time   Days  Days  Rain  Speed High   Time    Dir
----------------------------------------------------------------------------------
01   5.4   7.9   00:00   3.8   17:56  12.9   0.0  17.8   4.3  22.5   00:01   SSE
02   3.9   5.4   12:19   2.6   23:46  14.4   0.0  20.8   1.4  10.8   01:52   SSE
03   1.9   3.8   13:06   0.4   05:41  16.4   0.0   7.1   0.7   5.5   13:16     S
04   1.2   2.5   14:34   0.0   07:11  17.1   0.0   7.1   0.8   6.1   13:48   ESE
05   5.6   7.3   22:48   1.0   00:00  12.7   0.0   6.9   1.2   6.9   22:48     N
06   5.4   7.4   00:50   0.8   23:55  12.8   0.0   2.0   0.9   5.1   05:50   ESE
07   3.0   4.1   22:34   0.5   00:47  15.3   0.0   1.0   0.5   2.8   03:54    SW
08   2.7   7.7   13:20   0.0   20:21  15.6   0.0   0.0   0.7   4.3   23:04     N
09   2.3   8.9   13:05  -0.4   00:57  16.0   0.0   0.0   1.4   4.6   12:07     N
10   3.8   8.3   11:08   1.2   00:09  14.5   0.0   0.0   0.8   3.8   00:49   NNW
11   5.6   8.3   11:52   2.8   00:00  12.7   0.0   0.0   1.5   6.0   23:48   SSE
12   5.5   6.3   12:21   4.1   04:41  12.8   0.0   0.0   2.0   7.2   17:58     S
13   4.8   6.3   13:05   2.7   23:29  13.6   0.0   2.3   3.4  15.3   20:16     S
14   3.5   4.5   18:55   2.0   02:23  14.8   0.0   0.0   1.8   9.9   22:44     S
15   7.5  10.5   23:12   4.2   00:01  10.8   0.0   8.4   4.1  21.4   21:58     S
16   4.6  10.2   00:00   3.0   18:45  13.7   0.0  12.2   2.2  20.5   00:40     S
17   3.8   6.3   18:32   1.9   03:12  14.5   0.0  18.0   1.0   7.6   05:20   SSE
18   6.5   8.3   11:03   5.1   07:47  11.8   0.0  67.3   1.9  12.9   12:18   SSE
19  -1.8   6.6   00:00  -4.6   11:39  20.1   0.0   2.8   2.1  11.9   03:48    NW
20  -4.4  -1.4   23:36  -6.5   09:03  22.7   0.0   0.0   1.4   7.7   22:04    SW
21   1.0   2.4   05:05  -1.5   00:00  17.3   0.0  20.1   1.9  11.5   15:39   NNE
22   0.5   1.7   10:19  -0.6   21:38  17.8   0.0   0.0   1.3  10.5   06:57   NNE
23  -0.2   1.1   23:51  -1.6   10:31  18.5   0.0   0.0   0.2   2.8   23:51    NE
24   1.5   3.1   23:47   0.1   05:45  16.8   0.0  33.3   1.0   7.0   15:02   SSW
25   2.0   5.0   03:31   0.1   23:42  16.3   0.0  26.7   1.3   8.8   03:38   SSE
26  -1.3   0.5   12:48  -6.7   23:59  19.6   0.0   0.8   1.1   5.6   22:06   NNW
27  -6.0  -3.1   12:02  -8.3   03:03  24.3   0.0   0.0   0.1   2.4   09:18   NNE
28  -4.5  -0.9   23:49  -7.6   08:42  22.8   0.0   0.0   0.2   3.2   11:07   NNE
29  -0.3   1.3   23:41  -2.6   07:14  18.6   0.0   0.0   0.6   3.2   02:31   NNW
30   0.8   1.7   10:27  -1.5   23:52  17.5   0.0   7.1   0.4   2.9   10:15   WSW
----------------------------------------------------------------------------------
     2.1  10.5    15    -8.3    27   484.7   0.0 261.7   1.4  22.5     1     SSE

Max >=  27.0  0
Max <=   0.0  3
Min <=   0.0 13
Min <= -18.0  0
Max Rain: 67.3 on day 18
Days of Rain: 18 (>= 0.2 mm)  16 (>= 2.0 mm)  0 (>= 300.0 mm)
Heat Base: 18.3  Cool Base: 18.3  Method: Integration

Powered by Ecowitt HP2553  and   CumulusMX   v 3.21.1 (b3205)   MXUI Template v 2.2.3 by  Silver Acorn   (13.7)  Valid HTML5