NOAA-style Climate Reports

   V/Λ SELECT: Month and Year   OR  >   Month
                   Monthly Climatological Summary for Dec 2020

Name: Rjoanddalen   City: Mjølfjell   State: Voss
Elevation: 665 m  Lat: N 60° 41' 59"   Lon: E 006° 50' 40"

                  Temperature (°C), Rain (mm), Wind Speed (m/s)

                                      Heat  Cool        Avg
    Mean                              Deg   Deg         Wind                 Dom
Day Temp  High   Time   Low    Time   Days  Days  Rain  Speed High   Time    Dir
----------------------------------------------------------------------------------
01  -5.3  -1.4   00:00  -6.8   07:50  23.6   0.0   0.0   1.1   3.6   19:41     N
02  -0.5   1.8   12:21  -6.2   00:00  18.8   0.0   0.0   1.6   9.9   23:25     S
03   0.7   1.5   00:00  -0.9   23:43  17.6   0.0   0.0   5.4  18.0   10:07     S
04  -1.1  -0.2   11:59  -2.0   01:32  19.4   0.0   0.0   2.3  10.8   19:55   WSW
05  -1.3   0.7   22:00  -4.4   06:34  19.6   0.0   0.0   1.5   5.4   17:30     N
06  -0.7   1.4   05:42  -3.7   16:08  19.0   0.0   0.0   1.8   6.6   09:09     N
07   3.2   5.1   22:12   0.2   00:05  15.1   0.0   0.8   3.0  13.6   03:19   NNW
08   2.5   4.3   00:00   0.2   20:44  15.8   0.0   0.0   1.9  10.0   04:56     N
09  -0.2   1.3   13:25  -2.2   16:14  18.5   0.0   0.0   1.1   7.6   23:45   WSW
10   1.1   2.0   12:54  -0.1   00:52  17.2   0.0   0.0   2.2  13.4   20:18   SSE
11   0.1   1.0   18:38  -0.8   06:59  18.2   0.0   0.0   2.7  15.4   13:28   SSW
12  -0.3   0.4   15:18  -1.1   10:08  18.6   0.0   0.0   1.9  11.5   13:17    SW
13   0.9   2.0   17:35  -0.5   00:00  17.4   0.0   0.0   1.7  12.1   11:33     S
14   1.8   3.0   12:50   0.2   19:46  16.5   0.0   0.0   4.4  16.3   10:43     S
15   0.9   2.1   13:08  -0.8   04:25  17.4   0.0   3.3   1.0   6.3   00:57     N
16   1.2   3.2   23:47   0.4   00:16  17.1   0.0   0.0   0.7   4.7   21:16    NW
17   2.8   4.3   07:46   0.8   23:12  15.5   0.0   2.0   1.9  12.2   09:41     S
18   3.0   5.5   19:27   0.7   01:46  15.3   0.0   1.0   1.8  10.0   10:48     S
19   6.0   7.5   09:24   3.2   23:50  12.3   0.0   6.1   4.3  17.8   17:44   SSE
20   3.2   4.1   07:02   1.7   22:23  15.1   0.0   2.0   3.2  10.8   02:26   SSE
----------------------------------------------------------------------------------
     0.9   7.5    19    -6.8     1   348.0   0.0  15.2   2.3  18.0     3       S

Max >=  27.0  0
Max <=   0.0  2
Min <=   0.0 12
Min <= -18.0  0
Max Rain: 6.1 on day 19
Days of Rain: 6 (>= 0.2 mm)  4 (>= 2.0 mm)  0 (>= 300.0 mm)
Heat Base: 18.3  Cool Base: 18.3  Method: Integration

Powered by Ecowitt HP2553  and   CumulusMX   v 3.19.3 (b3196)   MXUI Template v 2.2.3 by  Silver Acorn   (18.1)  Valid HTML5