NOAA-style Climate Reports

   V/Λ SELECT: Month and Year   OR  >   Month
                   Annual Climatological Summary for 2021

Name: Rjoanddalen   City: Mjølfjell   State: Voss
Elevation: 655 m  Lat: N 60° 41' 59"   Lon: E 006° 50' 39"

                  Temperature (°C), Heat Base: 18.3  Cool Base: 18.3
                          Dep.  Heat  Cool                       Max  Max  Min  Min
        Mean  Mean        From  Deg   Deg                        >=   <=   <=   <=
 YR MO  Max   Min   Mean  Norm  Days  Days  Hi  Date  Low  Date 27.0  0.0  0.0 -18.0
------------------------------------------------------------------------------------
 21  1  -4.6 -11.8  -8.0  -3.0   811     0   4.1  21 -17.8   28    0   29   31    0
 21  2  -1.3 -10.0  -6.2  -1.2   670     0   8.9  22 -20.7    4    0   16   23   11
 21  3   4.3  -4.5  -0.4   2.6   538     0   9.6  31 -12.9    8    0    2   27    0
 21  4   8.0  -5.4   0.4   0.4   499     0  16.3  19 -10.4   11    0    1   30    0
 21  5  14.6   1.6   7.4   0.4   303    10  28.1  31  -6.3    4    2    0    9    0
 21  6  19.7   7.3  13.0   2.0   147    26  28.7   1   4.2   13    1    0    0    0
 21  7  23.2   9.8  15.8   3.8    88    50  30.8  24   2.4   19    6    0    0    0
 21  8  20.4   6.2  12.4   0.4   163    19  26.2  30   1.8   21    0    0    0    0
 21  9  14.9   6.1  10.0   3.0   211     2  23.1   1   1.1   23    0    0    0    0
 21 10   8.2   2.6   5.2   1.2   356     0  15.5   9  -5.0   18    0    0    8    0
 21 11   2.8  -3.1  -0.2   1.8   535     0   8.7   1 -14.9   29    0    7   21    0
 21 12  -1.0  -6.9  -3.9   0.1   689     0   5.2  15 -16.8   24    0   20   26    0
------------------------------------------------------------------------------------
         9.2  -0.6   3.8   1.0  5008   107  30.8 Jul -20.7  Feb    9   75  175   11

                                Precipitation (mm)

              Dep.   Max        Days of Rain
              From   Obs.           >=
 YR MO Total  Norm   Day Date  0.2  2.0 20.0
---------------------------------------------
 21  1   3.0-147.0   2.0  21     2    1    0
 21  2  63.6 -26.4  14.5  25     8    8    0
 21  3 116.8   6.8  49.8  30    17    9    2
 21  4  23.4 -31.6   9.4   4     8    5    0
 21  5  14.1 -55.9   5.1  10     6    4    0
 21  6  98.3 -11.7  36.8  14    13   13    1
 21  7  38.8 -71.2   9.4  10    10    8    0
 21  8  18.4-111.6   3.3  25     8    6    0
 21  9 100.2-119.8  26.2  23    12   10    1
 21 10 247.7  42.7  31.5   8    28   24    3
 21 11 162.0 -23.0  31.1  18    20   14    2
 21 12 131.1 -48.9  44.0  15     8    8    2
---------------------------------------------
      1017.4-597.6  49.8  Mar  140  110   11

                                Wind Speed (m/s)
                          Dom
 YR MO   Avg.  Hi   Date  Dir
------------------------------
 21  1   1.5  18.1   21     N
 21  2   1.9  16.6   19     N
 21  3   1.6  30.8   11   SSE
 21  4   1.7  11.5   20     N
 21  5   1.9  15.3   10     N
 21  6   1.3  11.6    3   SSE
 21  7   1.3  11.8    6     S
 21  8   0.6   8.3   25   NNE
 21  9   1.1  20.1   27     S
 21 10   1.4  25.0    3     S
 21 11   1.0  15.1   29     N
 21 12   3.6  18.7    9     N
------------------------------
         1.6  30.8  Mar   NNE

Powered by Ecowitt HP2553  and   CumulusMX   v 3.19.3 (b3196)   MXUI Template v 2.2.3 by  Silver Acorn   (18.3)  Valid HTML5