NOAA-style Climate Reports

   V/Λ SELECT: Month and Year   OR  >   Month
                   Monthly Climatological Summary for Jan 2021

Name: Rjoanddalen   City: Mjølfjell   State: Voss
Elevation: 665 m  Lat: N 60° 41' 59"   Lon: E 006° 50' 39"

                  Temperature (°C), Rain (mm), Wind Speed (m/s)

                                      Heat  Cool        Avg
    Mean                              Deg   Deg         Wind                 Dom
Day Temp  High   Time   Low    Time   Days  Days  Rain  Speed High   Time    Dir
----------------------------------------------------------------------------------
01  -6.1  -3.2   10:54 -10.6   23:22  24.4   0.0   0.0   1.2   5.6   16:30     N
02  -6.7  -4.0   12:40 -10.3   00:00  25.0   0.0   0.0   1.7   5.5   16:54     N
03 -10.1  -8.3   00:00 -11.8   16:41  28.2   0.0   0.0   1.9   5.6   00:46     N
04 -10.1  -4.8   12:10 -12.4   19:19  27.8   0.0   0.0   1.6   6.8   12:00     N
05 -11.2  -8.8   13:08 -14.0   23:39  29.0   0.0   0.0   1.3   3.9   20:36     N
06 -13.3  -9.5   12:59 -15.1   22:24  31.0   0.0   0.0   1.3   4.0   00:24     N
07 -13.6 -10.4   12:54 -15.1   02:11  31.9   0.0   0.0   1.5   4.2   08:06     N
08 -12.9  -9.3   13:12 -14.3   23:59  31.1   0.0   0.0   1.6   4.0   16:15     N
09  -6.7  -1.9   17:59 -14.6   02:56  25.0   0.0   0.0   1.6  14.3   19:13     E
10  -4.1  -2.8   00:00  -4.9   03:30  22.4   0.0   0.0   0.4   5.5   21:37   WSW
11  -8.3  -4.3   00:32 -16.7   23:21  26.6   0.0   0.0   0.8   3.5   19:53     N
12  -7.0  -2.6   21:26 -17.7   01:24  25.3   0.0   0.0   1.7   9.0   19:49   WNW
13  -8.3  -3.3   00:00 -14.1   23:13  26.6   0.0   0.0   2.9  17.2   05:23     N
14 -14.6 -11.4   13:14 -16.5   22:45  32.9   0.0   0.0   1.6   3.6   04:02     N
15 -14.4 -10.1   13:12 -16.6   00:39  32.6   0.0   0.0   1.5   4.6   08:34     N
16 -10.8  -3.7   23:09 -16.5   04:51  27.8   0.0   0.0   1.4   8.0   22:30   NNW
17  -2.6  -1.1   23:36  -4.6   01:17  20.9   0.0   0.0   1.5  10.0   00:17     S
18  -1.7  -0.6   11:04  -3.5   23:52  20.0   0.0   0.0   1.6  10.2   13:32     S
19  -3.8  -1.4   14:03  -7.6   04:29  21.8   0.0   0.0   1.3   6.8   08:37   WNW
20  -2.0  -0.9   11:16  -6.6   01:11  20.3   0.0   0.0   2.2  10.4   09:42   WSW
21   1.4   4.1   11:51  -1.2   00:00  16.9   0.0   2.0   3.7  18.1   23:20     S
22   0.7   2.2   03:52  -1.0   21:46  17.6   0.0   0.0   2.4  13.4   00:47     S
23  -1.5  -0.3   02:08  -4.5   23:49  19.8   0.0   0.0   1.2  10.3   02:24   SSE
24  -7.1  -2.2   13:12 -14.2   21:25  25.4   0.0   0.0   0.9   3.8   19:49     N
25 -13.2  -8.7   13:42 -15.7   21:50  31.5   0.0   0.0   1.7   4.5   05:08     N
26  -7.3  -3.8   14:35 -11.8   23:58  25.6   0.0   0.0   0.9   4.8   17:42   NNW
27 -13.9  -8.5   13:29 -17.5   22:08  32.2   0.0   0.0   1.5   4.3   06:02     N
28 -12.6  -7.6   15:25 -17.8   02:38  30.9   0.0   0.0   1.0   3.6   01:43     N
29 -12.1  -6.4   11:01 -16.3   19:00  30.4   0.0   1.0   1.3   4.8   11:13     N
30  -7.7  -4.9   14:11 -10.8   00:00  26.0   0.0   0.0   0.7   4.1   10:03   NNW
31  -6.0  -3.1   13:46 -12.4   23:52  24.3   0.0   0.0   0.7   6.1   20:44   WNW
----------------------------------------------------------------------------------
    -8.0   4.1    21   -17.8    28   811.2   0.0   3.0   1.5  18.1    21     NNW

Max >=  27.0  0
Max <=   0.0 29
Min <=   0.0 31
Min <= -18.0  0
Max Rain: 2.0 on day 21
Days of Rain: 2 (>= 0.2 mm)  1 (>= 2.0 mm)  0 (>= 20.0 mm)
Heat Base: 17.0  Cool Base: 17.0  Method: Integration

Powered by Ecowitt HP2553  and   CumulusMX   v 3.19.3 (b3196)   MXUI Template v 2.2.3 by  Silver Acorn   (18.3)  Valid HTML5