NOAA-style Climate Reports

   V/Λ SELECT: Month and Year   OR  >   Month
                   Monthly Climatological Summary for Mar 2021

Name: Rjoanddalen   City: Mjølfjell   State: Voss
Elevation: 665 m  Lat: N 60° 41' 59"   Lon: E 006° 50' 39"

                  Temperature (°C), Rain (mm), Wind Speed (m/s)

                                      Heat  Cool        Avg
    Mean                              Deg   Deg         Wind                 Dom
Day Temp  High   Time   Low    Time   Days  Days  Rain  Speed High   Time    Dir
----------------------------------------------------------------------------------
01   1.3   3.0   14:56  -0.7   00:00  15.6   0.0   1.0   1.3   7.8   18:26   NNE
02   1.4   4.2   13:53  -0.2   23:30  15.6   0.0   0.5   0.9   3.9   21:18    SE
03  -0.6   3.0   12:40  -5.2   07:59  17.6   0.0   0.0   1.4   6.3   23:10   NNW
04  -4.0   1.8   13:55  -9.7   07:29  20.9   0.0   0.0   1.2   4.6   00:09   NNW
05  -3.3  -0.3   13:44  -6.5   01:01  20.3   0.0   0.0   0.7   4.4   15:06   SSE
06  -0.2   1.9   14:52  -2.9   23:59  17.2   0.0   1.0   1.5  11.2   10:50   NNW
07  -5.2   1.5   13:41 -12.6   23:39  22.2   0.0   0.0   1.3   5.8   03:22   NNW
08  -6.8   0.2   11:39 -12.9   07:17  23.5   0.0   0.0   1.4   3.8   11:07     N
09  -3.4   3.7   13:52  -7.4   07:52  20.4   0.0   0.0   1.5   5.8   20:02     N
10  -2.0  -0.5   23:52  -3.2   00:00  19.0   0.0   1.0   6.8  22.8   23:56     S
11   0.4   2.2   11:16  -1.8   05:12  16.6   0.0   0.0   5.2  30.8   02:23     S
12   0.2   3.4   14:12  -1.8   23:20  16.8   0.0   0.0   0.8   5.7   20:21   SSW
13  -0.5   5.3   11:15  -5.2   23:11  17.5   0.0   1.0   1.6   7.2   12:21     S
14  -0.9   4.2   13:56  -5.2   00:23  17.9   0.0   1.0   1.7   6.9   13:27     N
15  -1.8   7.1   13:48 -10.9   06:44  18.8   0.0   2.0   1.2   4.8   18:27     N
16  -3.7   3.4   11:22 -12.0   23:07  20.7   0.0   0.0   1.5   4.7   12:41     N
17  -5.3   4.7   13:51 -12.8   01:03  22.3   0.0   0.0   1.7   4.4   10:43     N
18  -0.9   6.8   13:45  -6.2   00:00  17.9   0.0   0.0   1.2   3.8   13:37     N
19  -0.7   6.3   12:38  -7.2   05:28  17.2   0.0   0.0   1.2   6.5   12:44   NNE
20   1.4   5.3   13:17  -1.0   23:36  15.4   0.0   5.0   1.0   9.2   17:10   ENE
21  -0.7   4.0   14:25  -3.1   06:38  17.4   0.0   0.0   1.5   5.9   00:29     W
22   1.7   6.5   13:04  -1.4   00:05  15.3   0.0   3.0   0.6   4.9   12:22   ESE
23   3.2   8.3   13:48   0.7   05:31  13.8   0.0   1.0   1.1   9.4   23:39   SSE
24   2.3   7.1   11:18  -1.8   23:39  14.7   0.0   2.0   2.0  10.6   13:40    SE
25   0.9   3.3   12:35  -1.2   00:00  16.1   0.0   1.0   0.7   5.7   23:54     E
26   2.5   5.1   14:06   0.2   23:54  14.5   0.0  21.1   3.8  13.8   13:07   SSE
27   1.1   6.0   13:39  -1.8   23:47  15.9   0.0   4.8   0.6   5.8   12:47    SE
28   1.1   4.0   14:16  -2.1   00:06  15.3   0.0   0.0   1.6   9.9   15:37     S
29   3.3   6.2   11:50   0.3   00:01  13.7   0.0  13.5   1.8  10.9   15:46    SE
30   3.0   6.5   14:14   0.2   03:29  14.0   0.0  49.8   0.4   2.7   10:23   WSW
31   3.4   9.6   15:12  -2.7   23:59  13.6   0.0   8.1   1.2   5.0   02:34     N
----------------------------------------------------------------------------------
    -0.4   9.6    31   -12.9     8   537.7   0.0 116.8   1.6  30.8    11      SE

Max >=  27.0  0
Max <=   0.0  2
Min <=   0.0 27
Min <= -18.0  0
Max Rain: 49.8 on day 30
Days of Rain: 17 (>= 0.2 mm)  9 (>= 2.0 mm)  2 (>= 20.0 mm)
Heat Base: 17.0  Cool Base: 17.0  Method: Integration

Powered by Ecowitt HP2553  and   CumulusMX   v 3.19.3 (b3196)   MXUI Template v 2.2.3 by  Silver Acorn   (18.1)  Valid HTML5