NOAA-style Climate Reports

   V/Λ SELECT: Month and Year   OR  >   Month
                   Monthly Climatological Summary for Apr 2021

Name: Rjoanddalen   City: Mjølfjell   State: Voss
Elevation: 665 m  Lat: N 60° 41' 59"   Lon: E 006° 50' 39"

                  Temperature (°C), Rain (mm), Wind Speed (m/s)

                                      Heat  Cool        Avg
    Mean                              Deg   Deg         Wind                 Dom
Day Temp  High   Time   Low    Time   Days  Days  Rain  Speed High   Time    Dir
----------------------------------------------------------------------------------
01   0.7   8.9   15:20  -5.1   04:20  16.3   0.0   0.0   1.5   5.9   19:33     N
02   1.7   8.7   14:11  -3.5   23:29  15.3   0.0   0.0   1.6   6.6   14:35     N
03  -0.2   8.7   14:52  -7.4   06:31  17.2   0.0   0.0   1.1   4.4   16:48     N
04   0.1   2.9   11:34  -6.8   23:52  16.9   0.0   9.4   1.3  10.6   14:02     N
05  -3.7   3.9   13:25  -8.8   03:24  20.7   0.0   1.0   1.8   7.8   19:23    NV
06  -1.5   4.6   14:23  -5.0   06:12  18.5   0.0   0.0   1.6   7.6   03:13   VNV
07  -0.4   5.1   11:59  -5.6   23:58  17.4   0.0   1.0   1.5   6.5   15:22   NNV
08  -3.3  -0.2   18:43  -8.0   05:55  20.3   0.0   0.0   1.3   7.9   13:05   SSØ
09  -0.9   4.1   16:10  -4.5   20:56  17.9   0.0   1.0   1.3   7.9   12:06   NNV
10  -1.1   5.2   14:28  -4.4   22:48  18.1   0.0   3.0   1.2   6.6   11:46    NØ
11  -1.6   8.0   14:53 -10.4   07:27  18.5   0.0   3.0   1.9   6.4   23:13     N
12   0.2   5.8   14:30  -4.1   23:53  16.8   0.0   0.0   3.0   6.6   05:43   NNØ
13  -0.9   6.7   14:04  -6.8   06:30  17.9   0.0   0.0   1.3   5.4   09:49   NNV
14  -1.3   9.1   15:29  -9.0   04:50  18.3   0.0   0.0   1.3   3.9   23:48     N
15  -1.1   8.9   14:31  -8.1   06:08  18.1   0.0   0.0   2.3   5.5   10:35     N
16   0.8  10.8   13:28  -5.4   03:14  16.2   0.0   0.0   2.2   5.6   15:43     N
17   2.4  11.9   14:18  -5.7   04:55  14.6   0.0   0.0   2.3   5.5   01:35     N
18   6.2  15.0   13:00   0.0   03:54  10.7   0.0   0.0   2.2   6.8   00:39     N
19   5.8  16.3   16:09  -0.8   05:44  11.2   0.0   0.0   2.2   5.7   11:07     N
20   4.0  12.1   13:13  -1.1   06:30  12.9   0.0   3.0   2.0  11.5   13:32     Ø
21   1.4   7.9   14:51  -1.4   07:07  15.6   0.0   2.0   1.6   7.7   10:09     N
22   0.7   6.4   16:41  -2.3   05:15  16.3   0.0   0.0   1.4   5.9   16:19    NV
23   1.3   7.9   12:51  -2.4   23:59  15.7   0.0   0.0   1.4   6.1   11:03   NNV
24   0.2   8.5   13:56  -6.2   06:21  16.8   0.0   0.0   1.2   4.6   16:45     N
25  -1.1   8.1   14:30  -8.7   05:48  18.1   0.0   0.0   1.6   4.9   14:35     N
26  -0.9   7.5   14:58  -7.8   05:37  17.9   0.0   0.0   2.2   5.7   08:19     N
27   0.0   9.5   14:53  -6.5   04:33  17.0   0.0   0.0   2.0   6.4   14:33     N
28   0.2   8.5   13:54  -6.2   05:37  16.8   0.0   0.0   1.9   5.6   10:33     N
29   1.1   9.2   14:23  -4.5   06:19  15.9   0.0   0.0   2.0   5.7   10:04     N
30   1.7  11.0   14:51  -6.2   06:11  15.3   0.0   0.0   1.8   5.7   11:54     N
----------------------------------------------------------------------------------
     0.4  16.3    19   -10.4    11   499.2   0.0  23.4   1.7  11.5    20       N

Max >=  27.0  0
Max <=   0.0  1
Min <=   0.0 30
Min <= -18.0  0
Max Rain: 9.4 on day 4
Days of Rain: 8 (>= 0.2 mm)  5 (>= 2.0 mm)  0 (>= 20.0 mm)
Heat Base: 17.0  Cool Base: 17.0  Method: Integration

Powered by Ecowitt HP2553  and   CumulusMX   v 3.21.1 (b3205)   MXUI Template v 2.2.3 by  Silver Acorn   (13.5)  Valid HTML5