NOAA-style Climate Reports

   V/Λ SELECT: Month and Year   OR  >   Month
                   Monthly Climatological Summary for Jun 2021

Name: Rjoanddalen   City: Mjølfjell   State: Voss
Elevation: 665 m  Lat: N 60° 41' 59"   Lon: E 006° 50' 39"

                  Temperature (°C), Rain (mm), Wind Speed (m/s)

                                      Heat  Cool        Avg
    Mean                              Deg   Deg         Wind                 Dom
Day Temp  High   Time   Low    Time   Days  Days  Rain  Speed High   Time    Dir
----------------------------------------------------------------------------------
01  16.8  28.7   14:57   5.5   04:20   3.7   3.5   0.0   1.9   5.6   10:39   NNØ
02  15.0  22.2   13:27   9.5   03:42   2.7   0.7   0.0   2.0   7.9   12:00   SSØ
03  14.6  22.9   14:11   7.0   04:34   3.2   0.8   0.0   2.2  11.6   16:59     S
04  15.2  22.2   12:32   9.9   02:39   2.5   0.6   0.0   1.9   9.9   09:56   SSØ
05  15.6  25.2   14:26   6.9   04:15   3.1   1.8   0.0   1.4   7.5   15:36     Ø
06  13.8  20.7   17:23   8.1   23:55   3.3   0.2   0.0   1.1   5.7   13:05   ØSØ
07  14.3  24.5   15:49   4.4   04:15   4.4   1.8   0.0   1.5   6.1   15:27   ØSØ
08  14.2  22.9   15:51   6.7   03:28   4.1   1.3   0.0   1.2   7.5   15:33   SSØ
09  13.0  20.1   13:18   6.2   04:48   4.2   0.2   0.0   1.1   5.9   13:35    SØ
10  12.1  14.1   17:09   9.9   04:38   4.9   0.0   3.0   0.4   3.8   18:15     V
11  12.2  13.7   13:40   9.2   23:46   4.8   0.0   6.1   1.7   8.6   06:46   SSØ
12   6.9   9.6   12:40   5.2   08:26  10.1   0.0   7.6   1.1   5.9   12:44    SØ
13   6.9  10.1   18:35   4.2   02:24  10.1   0.0   7.9   0.8   4.6   16:09     S
14   8.0  10.3   03:36   5.5   23:16   9.0   0.0  36.8   1.1   6.9   16:57     N
15   7.1  12.5   16:50   4.5   23:28   9.9   0.0   5.3   1.1   8.5   13:36     Ø
16   8.4  12.9   21:24   4.4   03:22   8.6   0.0   4.8   1.2   5.9   21:20     S
17  12.9  16.0   16:23  10.7   23:27   4.1   0.0   3.0   1.3   5.8   09:38     S
18  11.2  17.1   16:33   7.6   23:56   5.8   0.0   2.0   1.2   7.8   14:45     S
19  10.3  13.4   18:40   7.1   23:57   6.7   0.0   6.1   0.9   4.5   12:22     N
20  11.2  18.5   12:33   4.5   03:24   5.9   0.1   6.3   0.9   7.2   11:34    NØ
21  10.5  13.3   15:36   8.3   06:06   6.5   0.0   5.3   1.1   6.9   11:59     S
22  13.9  23.9   13:53   5.7   04:46   4.6   1.5   0.0   1.2   6.3   15:16     S
23  14.1  23.1   14:23   5.3   03:38   4.2   1.2   0.0   1.2   6.2   13:15   SSØ
24  15.1  24.1   13:45   8.2   02:28   3.2   1.3   0.0   1.0   5.7   14:13   SSØ
25  16.9  26.2   16:38  10.8   05:03   2.4   2.3   4.1   1.1   6.1   19:21   SSØ
26  16.2  22.9   16:21  11.6   03:28   2.1   1.2   0.0   1.2   6.8   16:56   SSØ
27  15.8  22.9   15:23   9.9   23:50   2.6   1.4   0.0   1.6   6.5   13:55     S
28  14.5  24.1   15:51   5.6   03:59   4.2   1.7   0.0   1.3   7.0   16:30   SSØ
29  15.1  25.7   16:43   6.0   04:22   3.9   2.0   0.0   1.1   5.9   14:14    SV
30  18.0  26.7   15:15  10.5   04:08   1.9   2.8   0.0   1.3   4.8   16:40   NNØ
----------------------------------------------------------------------------------
    13.0  28.7     1     4.2    13   146.7  26.4  98.3   1.3  11.6     3     SSØ

Max >=  27.0  1
Max <=   0.0  0
Min <=   0.0  0
Min <= -18.0  0
Max Rain: 36.8 on day 14
Days of Rain: 13 (>= 0.2 mm)  13 (>= 2.0 mm)  1 (>= 20.0 mm)
Heat Base: 17.0  Cool Base: 17.0  Method: Integration

Powered by Ecowitt HP2553  and   CumulusMX   v 3.19.3 (b3196)   MXUI Template v 2.2.3 by  Silver Acorn   (18.4)  Valid HTML5