NOAA-style Climate Reports

   V/Λ SELECT: Month and Year   OR  >   Month
                   Monthly Climatological Summary for Jul 2021

Name: Rjoanddalen   City: Mjølfjell   State: Voss
Elevation: 665 m  Lat: N 60° 41' 59"   Lon: E 006° 50' 39"

                  Temperature (°C), Rain (mm), Wind Speed (m/s)

                                      Heat  Cool        Avg
    Mean                              Deg   Deg         Wind                 Dom
Day Temp  High   Time   Low    Time   Days  Days  Rain  Speed High   Time    Dir
----------------------------------------------------------------------------------
01  17.4  26.7   13:38   8.1   05:20   2.6   3.0   0.0   1.4   7.9   15:12   SSV
02  19.7  28.9   16:45  11.8   03:09   1.1   3.8   0.0   1.2   4.7   17:31   VNV
03  19.3  27.0   15:37  13.1   05:42   0.9   3.2   1.0   1.2   5.6   16:14     S
04  17.7  25.1   15:16  11.6   03:50   1.3   2.0   0.0   1.5  10.0   11:41     S
05  17.3  20.8   16:15  14.9   01:09   0.4   0.7   0.0   1.7   6.9   10:59     V
06  16.1  20.8   15:53  11.5   23:30   1.6   0.7   3.0   2.4  11.8   20:16     S
07  15.0  21.6   14:21  11.4   23:55   2.4   0.4   0.0   1.8   8.4   07:57     S
08  14.0  20.8   13:53  10.6   06:14   3.2   0.2   1.0   1.1   4.9   08:28     S
09  13.9  18.6   18:27  10.3   05:00   3.2   0.1   3.0   0.7   4.6   03:12   SSV
10  14.4  23.3   11:26   8.4   05:37   3.4   0.8   9.4   0.7   3.8   20:54   SSØ
11  12.8  15.3   14:59   9.8   23:52   4.2   0.0   0.0   1.1   5.9   02:13   SSØ
12  15.8  26.9   15:20   5.5   04:37   4.0   2.8   0.0   0.9   4.9   13:19     S
13  18.6  27.8   14:59  10.4   03:00   2.0   3.6   0.0   1.0   8.6   14:18     S
14  18.2  25.9   16:12  14.4   04:52   0.7   2.0   9.4   0.6   4.5   13:13   SSV
15  15.5  22.9   16:34   9.1   23:57   2.3   0.8   0.0   1.2   6.6   14:07     S
16  14.1  23.9   12:36   5.6   05:02   4.1   1.2   0.0   1.2   6.0   16:57    SØ
17  12.4  17.7   11:12   9.5   23:48   4.6   0.0   4.1   1.2   7.6   19:10    SØ
18   9.4  13.7   14:46   7.0   04:53   7.6   0.0   2.3   1.2   5.8   09:34    SØ
19  11.0  20.6   14:57   2.4   04:59   6.5   0.5   0.0   1.4   8.9   16:05    SØ
20  10.8  15.8   17:35   7.1   04:41   6.2   0.0   0.0   1.4   6.5   13:22     S
21  13.5  23.8   15:43   3.9   04:47   5.1   1.6   0.0   1.3   6.6   15:04     S
22  14.6  26.1   16:16   5.0   05:24   4.4   2.0   0.0   1.1   5.9   14:58     S
23  18.5  30.2   14:53   8.1   04:12   2.7   4.2   0.0   1.1   6.6   16:22     S
24  19.8  30.8   15:38  11.0   04:57   1.8   4.6   0.0   0.9   5.6   14:45     S
25  22.2  29.6   14:14  12.2   02:04   0.4   4.3   0.0   1.6   8.5   15:50     S
26  18.9  24.6   11:40  12.0   04:12   0.9   2.7   0.0   1.9  10.9   18:17     S
27  17.9  23.2   10:39  15.3   23:52   0.1   1.0   0.0   1.8  11.5   06:09   SSV
28  16.6  20.5   11:57  12.9   23:49   1.2   0.8   2.0   1.0   4.8   21:13     N
29  15.0  19.5   10:22  12.5   23:43   2.2   0.1   3.6   1.1   6.9   05:06    NV
30  16.6  25.0   15:42  11.6   23:53   2.3   1.9   0.0   1.3   7.8   14:29   SSØ
31  13.2  21.8   15:49   6.2   04:53   4.5   0.7   0.0   1.1   6.6   12:37   SSØ
----------------------------------------------------------------------------------
    15.8  30.8    24     2.4    19    87.9  49.7  38.8   1.3  11.8     6       S

Max >=  27.0  6
Max <=   0.0  0
Min <=   0.0  0
Min <= -18.0  0
Max Rain: 9.4 on day 10
Days of Rain: 10 (>= 0.2 mm)  8 (>= 2.0 mm)  0 (>= 20.0 mm)
Heat Base: 17.0  Cool Base: 17.0  Method: Integration

Powered by Ecowitt HP2553  and   CumulusMX   v 3.19.3 (b3196)   MXUI Template v 2.2.3 by  Silver Acorn   (18.3)  Valid HTML5