NOAA-style Climate Reports

   V/Λ SELECT: Month and Year   OR  >   Month
                   Monthly Climatological Summary for Aug 2021

Name: Rjoanddalen   City: Mjølfjell   State: Voss
Elevation: 665 m  Lat: N 60° 41' 59"   Lon: E 006° 50' 39"

                  Temperature (°C), Rain (mm), Wind Speed (m/s)

                                      Heat  Cool        Avg
    Mean                              Deg   Deg         Wind                 Dom
Day Temp  High   Time   Low    Time   Days  Days  Rain  Speed High   Time    Dir
----------------------------------------------------------------------------------
01  12.3  19.2   16:51   7.7   23:54   4.8   0.1   0.0   1.6   7.0   15:21     N
02  11.2  20.0   14:15   3.5   06:13   6.0   0.2   0.0   1.3   8.1   15:25   SSØ
03  11.6  21.3   13:52   4.4   04:01   5.8   0.4   0.0   1.2   6.5   13:44   SSØ
04  11.4  21.5   14:24   3.1   04:55   6.3   0.7   0.0   0.9   5.6   15:24     S
05  12.2  21.9   15:29   5.0   05:01   5.4   0.7   2.0   0.4   0.9   00:00   VSV
06  14.5  23.0   13:48   7.6   05:28   3.5   0.9   0.0   0.0   0.0   00:00     N
07  14.6  18.1   16:59  12.4   05:59   2.5   0.0   0.0   0.0   0.0   00:00     N
08  14.6  23.2   15:05   8.7   23:59   3.1   0.7   0.0   0.0   0.0   00:00     N
09  13.0  19.1   13:43   7.0   03:15   4.2   0.2   0.0   0.0   0.0   00:00     N
10  14.8  22.8   16:50  10.8   05:04   3.0   0.9   3.0   0.0   0.0   00:00     N
11  15.3  22.6   12:57  10.2   05:58   2.8   1.1   0.0   0.0   0.0   00:00     N
12  13.8  18.3   13:49   9.3   02:35   3.3   0.1   0.0   0.0   0.0   00:00     N
13  11.5  16.1   11:38   8.5   23:28   5.5   0.0   2.0   0.0   0.0   00:00     N
14  10.2  14.4   14:06   7.6   04:44   6.8   0.0   3.0   0.0   0.0   00:00     N
15   9.7  13.6   12:37   6.8   23:18   7.3   0.0   2.3   0.0   0.0   00:00     N
16  10.9  18.6   14:33   4.4   05:54   6.2   0.0   0.0   0.0   0.0   00:00     N
17  13.0  24.0   15:01   4.7   06:18   5.2   1.1   0.0   0.0   0.0   00:00     N
18   9.2  11.7   16:15   7.5   23:40   7.8   0.0   1.8   0.0   0.0   00:00     N
19   9.3  15.3   16:01   6.1   06:36   7.7   0.0   1.0   0.0   0.0   00:00     N
20  10.3  17.3   14:53   5.2   06:38   6.7   0.0   0.0   0.3   4.6   16:23   NNV
21  10.8  21.0   12:40   1.8   05:32   6.9   0.7   0.0   1.0   5.9   13:11    SØ
22  11.9  22.3   15:06   3.1   06:01   6.2   1.1   0.0   1.2   5.8   13:18   SSØ
23  12.5  23.3   16:34   3.6   05:57   5.8   1.3   0.0   1.2   5.6   14:02   SSØ
24  11.2  18.2   13:18   5.1   06:11   5.8   0.0   0.0   1.2   5.5   13:02    SØ
25  13.5  20.1   15:57   7.6   23:56   3.9   0.5   3.3   1.7   8.3   11:20     N
26  12.5  22.0   14:45   4.8   05:31   5.2   0.7   0.0   2.0   7.6   16:15   NNV
27  13.0  22.3   15:15   5.7   06:21   4.8   0.8   0.0   1.2   5.3   11:21   NNV
28  12.2  22.9   16:18   3.8   05:59   5.9   1.2   0.0   1.1   6.9   14:39   ØSØ
29  14.1  25.6   14:55   5.2   06:12   4.9   2.0   0.0   1.1   5.8   15:07   NNV
30  14.6  26.2   14:19   6.1   06:26   4.6   2.2   0.0   1.3   6.9   15:17    SØ
31  13.4  25.0   15:18   4.6   06:30   5.1   1.6   0.0   1.1   5.8   13:25    NV
----------------------------------------------------------------------------------
    12.4  26.2    30     1.8    21   163.0  19.2  18.4   0.6   8.3    25       Ø

Max >=  27.0  0
Max <=   0.0  0
Min <=   0.0  0
Min <= -18.0  0
Max Rain: 3.3 on day 25
Days of Rain: 8 (>= 0.2 mm)  6 (>= 2.0 mm)  0 (>= 20.0 mm)
Heat Base: 17.0  Cool Base: 17.0  Method: Integration

Powered by Ecowitt HP2553  and   CumulusMX   v 3.19.3 (b3196)   MXUI Template v 2.2.3 by  Silver Acorn   (18.2)  Valid HTML5