NOAA-style Climate Reports

   V/Λ SELECT: Month and Year   OR  >   Month
                   Monthly Climatological Summary for Sep 2021

Name: Rjoanddalen   City: Mjølfjell   State: Voss
Elevation: 665 m  Lat: N 60° 41' 59"   Lon: E 006° 50' 39"

                  Temperature (°C), Rain (mm), Wind Speed (m/s)

                                      Heat  Cool        Avg
    Mean                              Deg   Deg         Wind                 Dom
Day Temp  High   Time   Low    Time   Days  Days  Rain  Speed High   Time    Dir
----------------------------------------------------------------------------------
01  12.5  23.1   14:09   4.4   06:38   5.6   1.1   0.0   1.1   5.8   17:52   NNV
02  10.3  19.8   15:06   3.1   06:39   6.9   0.2   0.0   1.1   7.6   12:51     S
03   9.7  14.1   13:29   4.4   23:52   7.3   0.0   0.0   1.3   5.8   12:59   SSV
04   9.6  18.9   12:21   3.0   06:04   7.5   0.0   0.0   1.1   5.8   12:26    SØ
05  11.0  14.9   13:17   7.0   03:50   6.0   0.0   0.0   0.8   5.8   13:30   SSØ
06  10.0  11.3   14:06   8.5   06:29   7.0   0.0   0.0   0.5   3.6   01:28     S
07  11.7  13.8   17:49   9.7   03:43   5.3   0.0   6.9   0.4   3.6   05:30   SSØ
08  12.7  16.4   15:35  10.5   08:25   4.3   0.0   3.0   0.5   3.5   15:54     S
09  14.5  20.8   15:53  11.2   07:26   3.0   0.5   0.0   0.7   4.4   16:05   SSV
10  13.9  19.0   14:07  10.9   05:42   3.3   0.2   0.0   0.7   5.6   13:55   SSV
11  13.3  16.6   13:15  11.8   03:03   3.7   0.0   9.4   0.4   4.4   13:33   NNV
12  13.7  19.5   12:20   8.5   23:58   3.4   0.1   2.0   0.8   5.9   13:15     S
13   9.8  17.7   14:59   2.8   07:17   7.2   0.0   0.0   1.0   5.7   14:20     S
14   8.4  18.4   12:24   1.6   06:53   8.7   0.1   0.0   0.9   5.3   14:16   ØSØ
15   9.8  16.0   15:16   2.8   02:53   7.2   0.0   0.0   1.0   5.3   15:33   SSV
16  10.5  13.1   16:03   8.5   23:58   6.5   0.0   0.0   0.8   4.6   13:17   SSV
17   8.4  14.1   12:44   3.5   07:43   8.6   0.0   0.0   1.6   7.9   15:52     S
18   9.3  14.2   15:05   3.9   00:06   7.7   0.0   0.0   1.1   6.8   01:49     S
19  10.1  14.3   12:42   7.1   06:29   6.9   0.0   0.0   1.0   6.1   13:31     S
20   7.8   9.3   12:18   6.5   21:09   9.2   0.0   0.0   0.8   7.3   23:30     S
21   7.2   9.0   12:45   6.1   06:08   9.8   0.0   9.1   0.8   4.6   00:09    SØ
22   9.1  12.2   10:29   6.8   23:43   7.9   0.0   9.4   1.2  11.8   10:12   SSØ
23   4.1   6.8   00:00   1.1   12:52  12.9   0.0  26.2   0.8   4.5   05:17    SV
24   4.9   8.3   15:58   2.1   00:10  12.1   0.0  14.7   1.1   8.7   17:50    NV
25   6.7  10.6   14:43   4.3   06:58  10.3   0.0   1.0   1.0   5.4   10:36    SØ
26  11.1  19.1   15:16   5.8   07:43   5.9   0.1   0.0   1.4   7.0   15:36   SSV
27  12.3  14.5   22:38  10.1   07:34   4.7   0.0   3.0   4.2  20.1   14:32     S
28   9.3  14.9   14:59   3.9   08:31   7.7   0.0  14.7   1.6  13.6   00:06     S
29  10.1  13.6   15:40   6.1   00:00   6.9   0.0   0.0   2.5  11.0   02:03     S
30   9.5  13.9   14:07   6.5   04:44   7.5   0.0   0.8   1.8   8.9   12:57   SSØ
----------------------------------------------------------------------------------
    10.0  23.1     1     1.1    23   211.0   2.3 100.2   1.1  20.1    27       S

Max >=  27.0  0
Max <=   0.0  0
Min <=   0.0  0
Min <= -18.0  0
Max Rain: 26.2 on day 23
Days of Rain: 12 (>= 0.2 mm)  10 (>= 2.0 mm)  1 (>= 20.0 mm)
Heat Base: 17.0  Cool Base: 17.0  Method: Integration

Powered by Ecowitt HP2553  and   CumulusMX   v 3.19.3 (b3196)   MXUI Template v 2.2.3 by  Silver Acorn   (18.2)  Valid HTML5