NOAA-style Climate Reports

   V/Λ SELECT: Month and Year   OR  >   Month
                   Monthly Climatological Summary for okt 2021

Name: Rjoanddalen   City: Mjølfjell   State: Voss
Elevation: 655 m  Lat: N 60° 41' 58"   Lon: E 006° 50' 38"

                  Temperature (°C), Rain (mm), Wind Speed (m/s)

                                      Heat  Cool        Avg
    Mean                              Deg   Deg         Wind                 Dom
Day Temp  High   Time   Low    Time   Days  Days  Rain  Speed High   Time    Dir
----------------------------------------------------------------------------------
01   7,9   9,6   12:32   5,7   08:54   4,3   0,0   2,3   2,6  10,7   05:08   SSW
02   8,0  10,6   15:31   5,8   09:00   3,6   0,0  16,5   2,9  13,7   23:26     S
03   9,1  12,0   09:46   7,5   00:00   7,8   0,0  11,7   5,3  25,0   09:45     S
04   6,8  10,2   12:26   5,0   21:42  10,2   0,0   9,1   3,1  14,4   00:19   SSE
05   7,9  12,3   14:40   5,3   06:21   9,1   0,0   2,0   1,0   6,6   22:53   SSW
06   6,6  11,6   15:11   1,6   07:56  10,4   0,0   0,8   1,0   5,6   00:57   NNW
07   7,1   9,7   23:31   4,6   04:55   9,9   0,0   0,0   0,9   4,8   17:49     S
08  10,8  11,9   15:16   9,3   00:08   6,2   0,0  31,5   0,6   4,9   02:33   WSW
09  11,5  15,5   15:07   9,3   23:36   5,5   0,0   2,0   1,1  11,0   15:40     S
10   7,1   9,9   14:58   3,6   23:59   9,9   0,0  13,5   0,8   5,5   14:01     S
11   3,0   5,2   11:57   0,6   23:55  14,0   0,0   6,1   0,9   5,6   14:31    SW
12   2,6   8,6   14:20  -0,8   09:05  14,4   0,0   0,0   0,7   4,0   15:57    NW
13   0,4   4,9   23:51  -3,0   05:21  16,6   0,0   5,1   0,4   2,9   16:12   WNW
14   6,4   8,4   13:38   3,2   23:59  10,6   0,0  27,2   1,8   8,9   12:39   ESE
15   2,3   5,5   11:17   0,2   21:35  14,7   0,0   2,0   1,1   6,6   13:30    NW
16   1,2   3,0   14:08   0,0   23:57  15,8   0,0   6,3   0,7   3,8   10:56   SSE
17  -0,2   5,7   12:14  -4,1   23:21  17,2   0,0   1,8   1,0   3,4   15:58    NW
18  -0,6   4,6   15:27  -5,0   00:47  17,6   0,0   0,0   1,4   4,9   22:11     N
19   3,9   6,9   23:51   1,8   02:40  13,1   0,0  10,4   1,4   5,8   07:04     N
20   7,0   9,7   12:26   2,4   23:44  10,0   0,0  21,8   1,9  11,6   14:52    SE
21   0,3   2,4   00:00  -1,2   21:59  16,7   0,0   3,0   1,1   6,6   16:07   SSW
22  -0,3   2,2   16:09  -2,6   07:17  17,3   0,0   1,0   1,4   6,3   16:15    SW
23   1,3   4,2   13:42  -0,8   07:52  15,7   0,0   1,0   0,9   4,6   03:05    SW
24   4,1   5,7   12:57   1,2   00:00  12,9   0,0   4,1   1,3   9,2   11:21     S
25   5,9   8,9   12:43   3,9   23:46  11,1   0,0   5,8   1,3   9,5   17:11   SSE
26   3,4   4,8   13:52   1,9   06:35  13,6   0,0  11,4   0,8   6,2   23:53   SSW
27   6,6   8,0   23:49   4,2   01:28  10,4   0,0  19,1   1,3   7,7   00:42     S
28   8,3  10,0   23:38   7,4   06:45   8,7   0,0  19,8   1,2  11,3   23:16     S
29   9,4  12,3   12:36   7,6   05:13   7,6   0,0   2,0   2,3  12,4   23:56   SSE
30   7,3  10,3   00:25   4,7   10:52   9,7   0,0   5,3   2,2  13,9   00:43     S
31   6,2  10,0   00:57   2,4   18:00  11,3   0,0   5,1   0,0   0,0   00:00     N
----------------------------------------------------------------------------------
     5,2  15,5     9    -5,0    18   355,9   0,0 247,7   1,4  25,0     3       S

Max >=  27,0  0
Max <=   0,0  0
Min <=   0,0  8
Min <= -18,0  0
Max Rain: 31,5 on day 8
Days of Rain: 28 (>= 0,2 mm)  24 (>= 2,0 mm)  3 (>= 20,0 mm)
Heat Base: 18,3  Cool Base: 18,3  Method: Integration

Powered by Ecowitt HP2553  and   CumulusMX   v 3.22.4 (b3215)   MXUI Template v 2.2.3 by  Silver Acorn   (7,0)  Valid HTML5