NOAA-style Climate Reports

   V/Λ SELECT: Month and Year   OR  >   Month
                   Monthly Climatological Summary for Nov 2021

Name: Rjoanddalen   City: Mjølfjell   State: Voss
Elevation: 655 m  Lat: N 60° 41' 57"   Lon: E 006° 50' 39"

                  Temperature (°C), Rain (mm), Wind Speed (m/s)

                                      Heat  Cool        Avg
    Mean                              Deg   Deg         Wind                 Dom
Day Temp  High   Time   Low    Time   Days  Days  Rain  Speed High   Time    Dir
----------------------------------------------------------------------------------
01   6.8   8.7   11:00   4.9   07:38  10.2   0.0   1.0   0.0   0.0   00:00     N
02   5.7   7.8   13:51   2.4   23:31  11.3   0.0   0.8   0.0   0.0   00:00     N
03   1.7   5.0   12:51  -1.3   07:22  15.3   0.0   0.0   0.0   0.0   00:00     N
04   0.1   5.5   13:20  -3.5   20:55  16.9   0.0   0.0   0.0   0.0   00:00     N
05   0.4   1.9   13:19  -1.7   00:00  16.6   0.0   4.3   0.0   0.0   00:00     N
06   0.8   3.3   10:32  -1.0   08:26  16.2   0.0   9.4   0.0   0.0   00:00     N
07   2.0   5.2   13:26   0.1   21:05  15.0   0.0   1.8   0.0   0.0   00:00     N
08   1.2   3.2   21:50  -0.3   07:07  15.8   0.0   1.0   0.0   0.0   00:00     N
09   3.1   5.5   12:25   0.6   05:32  13.9   0.0  15.7   0.0   0.0   00:00     N
10   2.5   4.8   00:15   0.4   19:52  14.5   0.0  10.2   0.0   0.0   00:00     N
11   1.2   2.6   04:39   0.4   21:27  15.6   0.0  10.7   0.0   0.0   00:00     N
12   1.0   3.3   21:27  -1.6   08:08  16.0   0.0   1.0   0.0   0.0   00:00     N
13   1.6   6.1   11:16  -3.3   23:49  14.8   0.0   0.0   0.6   6.3   18:27     N
14  -1.5   3.3   14:03  -4.1   02:52  19.6   0.0   0.0   2.9   6.0   19:31     N
15   2.5   5.2   23:32  -3.3   01:45  15.1   0.0   3.3   2.8   8.9   09:33     S
16   4.8   6.2   12:24   3.7   09:31  13.5   0.0   2.4   3.4   8.7   18:30   SSE
17   0.9   4.4   00:34  -0.9   22:04  17.4   0.0   6.9   2.1  13.9   01:12     E
18   1.9   5.3   16:05  -1.2   04:48  16.4   0.0  31.1   2.4  11.3   17:25     N
19   3.7   7.6   06:51   0.7   19:48  14.6   0.0  25.4   3.0  12.8   09:46     N
20  -0.1   1.5   00:13  -2.0   23:22  18.1   0.0   2.9   1.2   4.1   00:00     N
21  -4.7  -1.7   01:23  -6.8   15:18  23.0   0.0   0.6   2.0   4.5   14:02     N
22  -1.1   2.8   17:44  -5.5   00:00  19.4   0.0   6.0   2.0   8.7   21:57    SW
23   1.6   3.3   20:01   0.2   04:02  16.7   0.0  17.7   2.2   7.9   23:14   NNW
24   1.6   3.7   08:37  -1.0   23:49  16.7   0.0   9.8   2.5  11.1   00:13   NNE
25  -4.0  -1.0   00:00  -6.7   09:30  22.3   0.0   0.0   1.2   3.3   09:35   NNE
26  -5.9  -2.4   14:58  -8.7   03:56  24.2   0.0   0.0   3.9  10.1   14:15     N
27  -6.5  -4.1   06:29 -11.2   22:03  22.9   0.0   0.0   3.2   7.0   14:56     N
28 -10.2  -6.9   12:34 -13.9   22:41  28.5   0.0   0.0   4.0   8.4   10:39     N
29 -10.2  -3.7   23:17 -14.9   07:04  28.5   0.0   0.0   2.2  15.1   23:09   NNE
30  -7.3  -3.6   01:57 -12.1   20:17  25.6   0.0   0.0   1.8   8.6   00:03   NNE
----------------------------------------------------------------------------------
    -0.2   8.7     1   -14.9    29   534.6   0.0 162.0   1.0  15.1    29     NNE

Max >=  27.0  0
Max <=   0.0  7
Min <=   0.0 21
Min <= -18.0  0
Max Rain: 31.1 on day 18
Days of Rain: 20 (>= 0.2 mm)  14 (>= 2.0 mm)  2 (>= 20.0 mm)
Heat Base: 18.3  Cool Base: 18.3  Method: Integration

Powered by Ecowitt HP2553  and   CumulusMX   v 3.19.3 (b3196)   MXUI Template v 2.2.3 by  Silver Acorn   (18.2)  Valid HTML5