NOAA-style Climate Reports

   V/Λ SELECT: Month and Year   OR  >   Month
                   Monthly Climatological Summary for Feb 2022

Name: Rjoanddalen   City: Mjølfjell   State: Voss
Elevation: 655 m  Lat: N 60° 41' 59"   Lon: E 006° 50' 39"

                  Temperature (°C), Rain (mm), Wind Speed (m/s)

                                      Heat  Cool        Avg
    Mean                              Deg   Deg         Wind                 Dom
Day Temp  High   Time   Low    Time   Days  Days  Rain  Speed High   Time    Dir
----------------------------------------------------------------------------------
01  -4.4  -1.3   17:47  -7.6   00:20  22.7   0.0   0.0   1.0   6.5   10:28    NE
02  -3.7  -2.7   19:34  -5.6   23:57  22.0   0.0   0.0   1.2   9.0   20:10     N
03  -0.2   3.0   22:25  -5.6   00:18  12.2   0.0   3.8   2.2  19.5   22:24    SE
04  -3.1  -2.8   21:20  -3.7   16:08   6.3   0.0   0.0   2.2  12.9   17:07   NNE
05  -3.0  -1.1   19:52  -4.4   09:32  21.3   0.0   0.0   2.4  14.5   03:51   NNE
06  -3.4  -2.0   23:03  -4.4   08:14  20.8   0.0   0.0   1.8  11.8   00:40    NE
07  -1.7   0.9   11:26  -3.7   01:05  19.9   0.0   0.0   1.3   9.9   23:46     E
08  -1.0   0.5   03:29  -2.1   17:32  19.3   0.0   0.0   2.8  23.4   12:13   NNE
09  -2.2  -0.7   02:33  -3.7   12:42  20.5   0.0   0.0   1.5   7.7   02:36   WNW
10  -3.3  -1.2   13:41  -5.7   23:37  21.6   0.0   0.0   1.3   9.1   01:24     N
11  -4.9  -0.8   23:44  -9.0   08:14  23.0   0.0   0.0   2.1  13.3   23:52    NW
12  -0.2   1.7   22:44  -1.7   06:24  18.4   0.0   0.0   2.5  17.3   03:46     E
13   1.1   3.1   14:57   0.1   03:28  17.1   0.0   2.4   1.5  10.7   14:34    NE
14   0.8   2.6   13:18  -1.4   22:59  17.0   0.0   2.7   3.7  15.5   18:19     N
15  -2.0   0.0   13:36  -4.0   07:46  20.3   0.0   0.1   2.0  10.1   13:36    NE
16  -1.3   1.9   14:33  -5.6   22:35  19.6   0.0   0.2   1.6   7.6   12:23   NNE
17  -4.6  -1.5   22:24  -9.1   03:34  22.9   0.0   0.0   1.4  12.1   19:52   NNE
18  -2.9   0.9   12:00  -7.6   23:09  21.2   0.0   0.1   2.0  12.7   02:08     N
19  -7.2  -1.9   13:29 -13.4   05:06  25.5   0.0   0.0   1.7   6.8   18:12   NNW
20  -4.0  -1.0   22:42  -7.3   00:00  22.3   0.0   0.0   2.3  16.7   16:38     S
21  -2.3   2.6   13:31  -6.6   23:55  20.6   0.0   0.6   1.7   9.9   15:24     N
22  -6.2  -2.1   10:55 -13.2   05:24  24.5   0.0   0.0   2.7  14.0   14:23   ENE
23  -1.2   1.3   18:57  -3.4   00:00  19.5   0.0   0.0   2.4  23.3   16:33     E
24  -3.0  -2.0   09:25  -3.7   02:28  21.3   0.0   0.0   1.3   9.5   14:44    NE
25  -3.6   0.2   14:10 -12.9   23:24  21.9   0.0   1.4   1.2   7.9   14:38   NNW
26  -3.0   2.6   16:39 -13.1   00:25  21.3   0.0   1.9   2.5  14.0   21:40   ESE
27   0.4   4.1   13:39  -6.9   22:37  17.9   0.0   9.8   3.3  12.9   16:39   SSE
28   0.9   4.8   12:51  -4.4   00:27  17.4   0.0   2.4   3.4  14.5   16:59   SSE
----------------------------------------------------------------------------------
    -2.5   4.8    28   -13.4    19   558.3   0.0  25.4   2.0  23.4     8      NE

Max >=  27.0  0
Max <=   0.0 14
Min <=   0.0 27
Min <= -18.0  0
Max Rain: 9.8 on day 27
Days of Rain: 9 (>= 0.2 mm)  5 (>= 2.0 mm)  0 (>= 20.0 mm)
Heat Base: 18.3  Cool Base: 18.3  Method: Integration

Powered by Ecowitt HP2553  and   CumulusMX   v 3.21.1 (b3205)   MXUI Template v 2.2.3 by  Silver Acorn   (13.7)  Valid HTML5