NOAA-style Climate Reports

   V/Λ SELECT: Month and Year   OR  >   Month
                   Monthly Climatological Summary for Apr 2022

Name: Rjoanddalen   City: Mjølfjell   State: Voss
Elevation: 655 m  Lat: N 60° 41' 59"   Lon: E 006° 50' 39"

                  Temperature (°C), Rain (mm), Wind Speed (m/s)

                                      Heat  Cool        Avg
    Mean                              Deg   Deg         Wind                 Dom
Day Temp  High   Time   Low    Time   Days  Days  Rain  Speed High   Time    Dir
----------------------------------------------------------------------------------
01  -7.1  -1.8   15:51 -11.8   05:59  25.4   0.0   0.0   2.7   7.1   10:43     N
02  -5.9   0.5   14:09 -12.7   06:29  24.2   0.0   0.0   2.0   5.9   11:34     N
03  -1.4   1.6   14:22  -3.6   05:06  19.7   0.0   2.4   1.5  10.4   15:30     E
04  -2.1   2.7   09:50  -7.6   23:36  20.4   0.0   4.8   2.5  18.8   12:55     N
05  -6.3  -1.6   15:22 -12.7   23:36  24.6   0.0   4.5   2.3   9.1   08:04     N
06  -7.6  -1.2   16:31 -13.1   01:21  25.9   0.0   0.0   3.1   7.6   14:53   NNE
07  -4.2   0.4   13:19 -10.6   00:14  22.5   0.0   0.0   4.5  15.0   12:06     N
09  -1.5   0.9   15:15  -4.5   01:48   8.9   0.0   0.0   3.6  14.0   15:43    NW
10  -1.0   1.2   17:55  -2.2   06:22  18.9   0.0   0.7   2.8  11.8   07:59    NW
11  -1.7   2.3   10:52  -5.6   22:55  20.0   0.0   0.0   2.0   7.8   06:50   NNW
12  -0.8   3.5   17:15  -5.8   03:11  19.1   0.0   0.0   2.5   9.6   19:02   NNE
13   2.3   4.0   13:36  -0.8   04:43  16.0   0.0   0.1   2.4  13.6   11:03     N
14   2.7   4.5   16:18   0.5   03:26  15.6   0.0   0.2   2.6   9.0   13:39     N
15   2.3   5.0   14:27  -1.1   23:29  16.0   0.0   0.0   2.3   7.1   08:54     N
16   0.7   5.3   15:09  -3.7   06:52  17.6   0.0   0.0   3.0   8.2   11:48     N
17   2.1   6.6   14:14  -3.4   07:12  16.2   0.0   0.0   2.3   5.6   18:51     N
18   4.2  11.5   16:08  -0.6   05:39  14.1   0.0   0.0   2.5   7.0   16:56     N
19   2.6   7.1   14:14  -2.0   04:18  15.7   0.0   0.0   3.1   7.1   00:26   NNE
20   4.0   8.3   13:40  -0.7   06:04  14.3   0.0   0.0   3.1   7.5   11:44     N
21   6.3  10.0   15:03   3.2   04:15  12.0   0.0   0.0   2.7   8.6   14:03     N
22   6.6  10.2   14:05   3.6   07:13  11.7   0.0   0.0   2.7   7.9   11:00     N
23   4.6   7.4   13:20   1.0   23:54  13.7   0.0   0.0   3.0   7.9   01:01     N
24   3.0   6.4   15:14  -1.7   06:52  15.3   0.0   0.0   2.6  11.7   04:20     N
25   1.7   6.3   15:24  -3.0   04:17  16.6   0.0   0.0   2.7   7.4   12:01     N
26   2.9   6.1   12:19  -0.7   23:59  15.4   0.0   0.0   3.0  10.3   14:48     N
27   1.3   4.5   14:09  -2.8   06:17  17.0   0.0   0.0   2.9   8.1   14:39     N
28   1.3   4.7   14:44  -1.6   01:43  17.0   0.0   3.1   1.3   7.0   15:43   NNW
29   2.2   5.8   17:46  -0.1   04:49  16.1   0.0   0.1   1.4   7.5   13:15     N
30   2.6   5.0   13:52   0.0   05:42  15.7   0.0   0.0   1.7   7.2   05:02     N
----------------------------------------------------------------------------------
     0.5  11.5    18   -13.1     6   505.6   0.0  15.9   2.6  18.8     4       N

Max >=  27.0  0
Max <=   0.0  3
Min <=   0.0 25
Min <= -18.0  0
Max Rain: 4.8 on day 4
Days of Rain: 6 (>= 0.2 mm)  4 (>= 2.0 mm)  0 (>= 20.0 mm)
Heat Base: 18.3  Cool Base: 18.3  Method: Integration

Powered by Ecowitt HP2553  and   CumulusMX   v 3.21.1 (b3205)   MXUI Template v 2.2.3 by  Silver Acorn   (13.5)  Valid HTML5