NOAA-style Climate Reports

   V/Λ SELECT: Month and Year   OR  >   Month
                   Monthly Climatological Summary for mai 2022

Name: Rjoanddalen   City: Mjølfjell   State: Voss
Elevation: 655 m  Lat: N 60° 41' 58"   Lon: E 006° 50' 38"

                  Temperature (°C), Rain (mm), Wind Speed (m/s)

                                      Heat  Cool        Avg
    Mean                              Deg   Deg         Wind                 Dom
Day Temp  High   Time   Low    Time   Days  Days  Rain  Speed High   Time    Dir
----------------------------------------------------------------------------------
01   2,5   7,6   17:03  -2,6   06:17  15,8   0,0   0,0   2,4   7,9   15:24     N
02   1,9   5,5   17:29   0,0   23:34  16,4   0,0   0,7   1,7   9,7   14:49     N
03   1,4   3,6   15:32  -1,3   23:10  11,8   0,0   0,0   2,5   8,0   15:10     N
04   1,9   6,0   12:45  -2,5   05:02  16,4   0,0   1,3   2,4  10,0   13:04   ENE
05   3,2   5,3   14:51   0,7   00:01  15,1   0,0   3,5   1,7   7,3   14:16   NNE
06   4,3   7,4   12:33   1,3   04:45  14,0   0,0  13,2   1,4   8,2   12:59   NNW
07   2,2   4,7   00:13  -1,4   23:47  16,1   0,0   0,7   2,5  11,4   02:14     N
08   1,3   4,6   16:48  -2,5   06:08  17,0   0,0   0,0   2,0   7,4   13:44     N
09   5,3  10,7   16:01  -0,7   04:52  13,0   0,0   0,0   2,5   9,6   15:00   ESE
10   5,1   7,1   00:21   3,0   05:11  13,2   0,0  15,0   3,0  16,7   03:11    SE
11   3,2   6,1   11:23   0,9   23:34  15,1   0,0  23,4   1,3  11,8   10:59   SSW
12   2,0   4,6   15:15   0,5   01:01  16,3   0,0  11,7   1,7  10,0   09:35   NNE
13   3,0   4,7   10:20   1,2   06:21  15,3   0,0  12,8   1,3   7,6   11:30    SE
14   2,9   5,4   15:50   1,2   01:12  15,4   0,0   4,0   1,8  11,5   13:54   NNE
15   4,7   9,2   18:04   2,4   05:28  13,6   0,0   1,3   1,6   6,6   21:38     N
16   6,2  10,1   14:51   2,3   00:31  12,0   0,0   0,0   2,7   7,7   11:41     N
17   6,3  10,8   15:22   1,3   04:14  12,0   0,0   0,0   3,3   7,9   11:22     N
18   8,0  11,8   09:41   2,9   23:13  10,3   0,0   0,5   2,6  11,1   13:14    NE
19   6,9  12,5   15:06   1,7   04:23  11,4   0,0   0,0   2,4   9,9   13:11   NNE
20   6,7  11,5   16:44   1,7   02:32  11,6   0,0   0,0   2,4   6,7   14:45     N
21   5,3   8,6   16:48   2,9   02:59  12,7   0,0   3,8   1,4   6,9   17:25     N
22   7,0  12,0   16:19   2,3   05:42  11,3   0,0   0,3   1,8   8,6   13:55   ESE
23   7,9   9,9   14:55   4,3   01:35  10,4   0,0   8,1   2,4  13,9   15:22   SSE
24   8,3  10,8   14:14   6,3   22:23  10,0   0,0  23,7   3,1  14,8   15:47   SSW
25   6,3   9,6   15:03   3,7   07:32  12,0   0,0   3,3   2,2  11,0   06:28   SSE
26   4,6   7,2   13:17   2,2   23:50  13,7   0,0  11,0   1,5   9,5   13:53   ESE
27   4,1   8,1   14:11   0,7   01:30  14,2   0,0   1,9   1,7  11,0   12:43   NNE
28   6,5  10,5   14:54   3,7   02:04  11,8   0,0   0,0   2,4  11,1   11:54     N
29   3,4   6,7   18:05   1,5   08:48  14,9   0,0   1,1   1,7   7,3   12:23   ENE
30   6,5  11,9   16:20  -0,4   04:27  11,8   0,0   0,0   2,8  13,0   13:14     S
31   9,2  13,1   14:53   3,8   04:44   9,1   0,0   0,0   2,3   7,6   14:26     N
----------------------------------------------------------------------------------
     4,8  13,1    31    -2,6     1   413,7   0,0 141,3   2,1  16,7    10      NE

Max >=  27,0  0
Max <=   0,0  0
Min <=   0,0  8
Min <= -18,0  0
Max Rain: 23,7 on day 24
Days of Rain: 20 (>= 0,2 mm)  12 (>= 2,0 mm)  2 (>= 20,0 mm)
Heat Base: 18,3  Cool Base: 18,3  Method: Integration

Powered by Ecowitt HP2553  and   CumulusMX   v 3.22.4 (b3215)   MXUI Template v 2.2.3 by  Silver Acorn   (7,0)  Valid HTML5