NOAA-style Climate Reports

   V/Λ SELECT: Month and Year   OR  >   Month
                   Monthly Climatological Summary for Jun 2022

Name: Rjoanddalen   City: Mjølfjell   State: Voss
Elevation: 655 m  Lat: N 60° 41' 59"   Lon: E 006° 50' 39"

                  Temperature (°C), Rain (mm), Wind Speed (m/s)

                                      Heat  Cool        Avg
    Mean                              Deg   Deg         Wind                 Dom
Day Temp  High   Time   Low    Time   Days  Days  Rain  Speed High   Time    Dir
----------------------------------------------------------------------------------
01   8.4  14.1   13:53   4.8   02:10   9.9   0.0   3.6   1.5   6.6   14:12   NNE
02   6.6   8.8   13:42   4.7   05:17  11.7   0.0  13.4   0.8   5.3   17:26   NNE
03   7.8  11.7   16:38   5.1   04:22  10.5   0.0   0.3   1.7   8.9   19:37   NNW
04   8.2  14.0   14:39   1.5   03:53  10.1   0.0   0.0   1.8   9.2   14:45   NNE
05   7.8  13.0   15:07   1.4   04:26  10.5   0.0   0.0   1.9   8.1   11:02   NNW
06  12.4  20.2   17:32   4.9   04:17   6.0   0.1   0.0   2.4   7.0   08:10     N
07  13.1  20.0   15:35   6.3   05:10   5.3   0.1   0.0   2.3   7.9   11:18     N
08  11.3  15.6   16:34   7.2   03:06   7.0   0.0   0.0   1.9   7.4   12:02     N
09  11.9  17.8   15:41   7.6   01:08   6.4   0.0   0.0   1.8   6.3   07:38   NNE
10  10.4  15.4   13:09   7.2   05:06   7.9   0.0   0.8   1.8   7.3   15:56     E
11   8.9  12.7   09:53   6.9   04:49   9.4   0.0  17.8   1.4   8.4   11:38   SSE
12   7.3   8.5   11:37   5.3   23:18  11.0   0.0  26.7   1.4  11.6   02:21   ESE
13   6.3   9.4   16:34   4.4   04:36  12.0   0.0  11.3   0.7   5.5   17:11     E
14   7.2  10.0   18:13   5.7   05:41  10.3   0.0   6.5   0.8   5.8   19:31    SE
15   9.2  14.4   16:03   4.4   04:43   9.1   0.0   0.1   1.4   8.7   16:09     N
16   9.6  13.3   16:37   6.6   04:39   8.7   0.0   1.6   0.9   6.5   16:52   SSE
17   9.9  12.7   10:56   6.7   06:04   8.3   0.0  10.7   1.5  11.2   15:50    SE
18   5.8   9.5   00:06   3.9   10:04  12.5   0.0  14.9   1.5  10.6   01:43    NE
19   7.9  14.4   16:35   4.0   05:03  10.4   0.0   1.8   1.4  13.0   19:37     S
20  10.9  17.4   15:29   2.5   03:44   7.4   0.0   0.0   1.7  10.5   12:17   ENE
21   8.2  10.0   15:17   6.4   07:18  10.1   0.0   2.4   0.5   5.0   16:17   SSE
22   9.2  12.5   11:11   6.7   04:23   9.1   0.0   1.3   1.4   9.4   12:55    SE
23  13.0  17.6   15:28   8.4   02:11   5.3   0.0   0.4   1.7  10.4   13:09    SE
24  17.0  24.7   18:08   6.7   04:41   3.2   1.9   0.0   2.2  13.9   21:09   SSE
25  17.1  21.9   14:47  12.1   06:56   1.8   0.6   4.5   2.0  13.4   04:27     S
26  16.2  21.0   12:02  11.8   23:14   2.5   0.4  12.4   2.0  10.0   14:02    SW
27  12.1  15.2   16:41   9.0   23:46   6.2   0.0   8.1   0.8   7.4   10:29   WNW
28  11.5  16.2   13:50   7.9   04:21   6.8   0.0   0.3   0.9   7.7   15:27   SSE
29  14.5  22.7   18:07   5.4   03:09   4.5   0.7   0.0   1.4   7.1   11:02   NNW
30  16.5  22.6   13:44   8.3   04:36   2.8   1.0   0.0   1.5   6.4   12:15    NW
----------------------------------------------------------------------------------
    10.5  24.7    24     1.4     5   236.7   4.8 138.9   1.5  13.9    24     ENE

Max >=  27.0  0
Max <=   0.0  0
Min <=   0.0  0
Min <= -18.0  0
Max Rain: 26.7 on day 12
Days of Rain: 19 (>= 0.2 mm)  12 (>= 2.0 mm)  1 (>= 20.0 mm)
Heat Base: 18.3  Cool Base: 18.3  Method: Integration

Powered by Ecowitt HP2553  and   CumulusMX   v 3.19.3 (b3196)   MXUI Template v 2.2.3 by  Silver Acorn   (18.4)  Valid HTML5