NOAA-style Climate Reports

   V/Λ SELECT: Month and Year   OR  >   Month
                   Monthly Climatological Summary for Jul 2022

Name: Rjoanddalen   City: Mjølfjell   State: Voss
Elevation: 655 m  Lat: N 60° 41' 59"   Lon: E 006° 50' 39"

                  Temperature (°C), Rain (mm), Wind Speed (m/s)

                                      Heat  Cool        Avg
    Mean                              Deg   Deg         Wind                 Dom
Day Temp  High   Time   Low    Time   Days  Days  Rain  Speed High   Time    Dir
----------------------------------------------------------------------------------
01  18.2  23.5   15:02  11.0   04:04   1.7   1.6   0.4   1.4   8.3   21:27     S
02  10.8  14.6   00:00   9.3   23:34   7.5   0.0  12.3   0.9   9.3   19:14   SSE
03   9.3  10.9   01:26   7.9   23:45   9.0   0.0   7.2   1.3   9.5   13:44   SSE
04   8.6  11.2   11:41   7.0   23:53   9.7   0.0   4.3   1.0   7.3   14:20   SSE
05   7.3   9.9   15:12   5.7   23:36   7.3   0.0   7.0   1.4   9.1   16:11    SE
06   7.0   8.6   20:00   5.6   03:18  11.3   0.0   6.1   0.9   6.0   09:24   SSE
07   8.8  11.3   16:35   6.8   23:30   9.5   0.0   2.0   1.7  10.7   09:32     N
08   8.6  11.6   13:33   6.5   02:22   9.7   0.0   4.7   1.2   9.4   12:42   ESE
09   6.8   8.1   19:31   5.8   05:27  11.5   0.0   8.1   1.4   7.3   03:52    NE
10   9.9  15.0   18:44   5.5   05:44   8.4   0.0   0.0   1.1   7.3   17:17     S
11  13.1  19.6   18:04   8.3   04:06   5.2   0.0   0.0   0.8   5.4   15:28     S
12  13.3  16.8   08:03  10.0   00:51   5.0   0.0  12.2   1.4   8.7   14:08    SE
13   8.6  11.4   12:13   7.5   05:32   9.7   0.0   5.1   1.0   8.5   13:58   ESE
14   7.9  10.3   17:43   6.6   23:56  10.4   0.0   3.3   1.7  10.0   14:05     N
15   6.5  11.0   14:26   3.0   05:18  11.8   0.0   5.9   1.2   8.6   15:01   SSE
16   7.9  11.3   16:39   5.1   03:24  10.4   0.0   0.0   1.3   8.0   12:17   SSE
17   7.9  11.2   17:33   5.5   06:52  10.4   0.0   3.2   0.6   5.5   17:11    SE
18  10.8  13.1   16:06   9.3   03:53   7.5   0.0  14.3   0.9   6.2   14:51     N
19  14.7  22.6   17:28   5.9   05:22   4.7   1.0   0.0   1.1   7.7   19:00   NNE
20  18.6  25.3   12:15  14.1   23:57   1.0   1.2  17.8   1.5   8.7   11:41    NW
21  14.2  17.7   15:22   9.0   23:57   4.1   0.0   3.1   1.3   9.1   15:34     S
22  14.3  22.7   16:38   5.5   05:23   4.7   0.8   0.0   1.0   5.3   10:38   NNW
23  13.8  16.9   12:25  10.2   23:58   4.5   0.0   0.0   1.0   9.1   17:55   SSE
24  11.2  14.8   19:27   7.6   05:25   7.1   0.0   4.3   1.1   8.5   15:23     S
25  12.6  18.4   12:52   8.2   23:52   4.2   0.0  16.9   1.2   8.8   20:37   SSE
26   8.1  10.0   17:43   7.2   08:01  10.2   0.0   5.9   1.4   8.8   06:50    SE
27   9.1  14.2   16:36   5.1   23:50   9.2   0.0   0.0   1.0   7.6   13:49     W
28  10.8  18.8   16:30   2.5   06:02   7.5   0.0   0.0   1.0   5.1   13:29    NE
29  13.5  20.4   17:04   6.2   04:37   4.9   0.1   0.0   1.3   8.2   11:30     S
30  12.8  18.1   14:19   6.7   06:55   5.5   0.0   0.1   1.5   9.2   13:29   SSE
31  11.8  15.5   15:09   8.3   23:38   6.5   0.0   4.4   1.2   7.7   23:15     S
----------------------------------------------------------------------------------
    10.9  25.3    20     2.5    28   230.1   4.7 148.6   1.2  10.7     7      SE

Max >=  27.0  0
Max <=   0.0  0
Min <=   0.0  0
Min <= -18.0  0
Max Rain: 17.8 on day 20
Days of Rain: 21 (>= 0.2 mm)  20 (>= 2.0 mm)  0 (>= 20.0 mm)
Heat Base: 18.3  Cool Base: 18.3  Method: Integration

Powered by Ecowitt HP2553  and   CumulusMX   v 3.21.1 (b3205)   MXUI Template v 2.2.3 by  Silver Acorn   (13.8)  Valid HTML5