NOAA-style Climate Reports

   V/Λ SELECT: Month and Year   OR  >   Month
                   Monthly Climatological Summary for Aug 2022

Name: Rjoanddalen   City: Mjølfjell   State: Voss
Elevation: 655 m  Lat: N 60° 41' 59"   Lon: E 006° 50' 39"

                  Temperature (°C), Rain (mm), Wind Speed (m/s)

                                      Heat  Cool        Avg
    Mean                              Deg   Deg         Wind                 Dom
Day Temp  High   Time   Low    Time   Days  Days  Rain  Speed High   Time    Dir
----------------------------------------------------------------------------------
01   8.7  12.7   14:29   5.8   06:05   9.6   0.0   0.0   1.5   9.9   13:41   SSE
02   9.1  12.5   23:45   4.3   01:10   9.2   0.0   4.4   1.8  13.4   16:04   SSW
03  13.1  15.2   14:20  10.6   21:53   5.2   0.0  18.0   2.0  12.3   11:01   SSE
04  10.3  15.5   14:02   7.2   22:47   8.0   0.0  16.4   1.0   9.0   14:09     S
05   7.5  11.7   15:09   4.3   23:32  10.6   0.0   1.4   1.4   9.4   15:26   SSE
06   6.4   8.5   13:29   4.6   03:13  11.9   0.0   5.6   0.9   8.1   13:27    SE
07   8.3  10.5   17:16   6.1   01:54  10.0   0.0  11.5   0.6   5.9   12:39   WSW
08  10.6  14.3   16:40   8.2   04:24   7.7   0.0   0.0   0.7   4.3   12:26   SSE
09  11.4  14.3   16:46   9.6   04:23   6.9   0.0   2.6   0.6   4.7   17:14     S
10  13.6  17.2   16:06  11.3   03:15   4.7   0.0   1.5   1.1   9.9   18:34   SSE
11  14.6  18.3   13:12  11.9   06:33   3.7   0.0   0.8   1.3   9.1   13:21   SSE
12  13.8  16.7   17:22  11.2   06:46   4.5   0.0   0.8   0.6   4.0   09:52     S
13  14.8  19.8   15:12   9.8   06:25   3.6   0.1   0.0   0.9   6.9   14:46     S
14  16.0  22.6   14:39   9.1   05:45   3.4   1.1   0.0   1.4   6.4   14:39     N
15  16.0  20.2   17:16  12.9   04:32   2.4   0.1   1.2   1.2   5.6   16:09   NNW
16  16.6  19.8   13:50  12.3   05:45   1.8   0.2   1.6   1.0   5.2   12:21   NNW
17  12.4  15.6   17:27   7.3   23:37   5.9   0.0  25.6   1.0   7.1   15:24     S
18  11.9  19.3   16:38   4.3   05:06   6.4   0.0   0.1   1.7   9.5   15:13   SSE
19  12.7  16.4   11:29   9.5   05:10   5.6   0.0   4.0   1.1  10.5   12:52   SSW
20  12.0  15.9   14:25   9.4   06:34   6.3   0.0   3.6   1.2   9.6   16:30   SSE
21   9.0  12.1   13:59   7.0   22:26   9.3   0.0  14.8   0.8   6.9   21:33     W
22   8.3  13.1   17:43   5.4   23:29  10.0   0.0   3.5   0.9   5.1   16:53   SSE
23  11.9  18.4   14:44   5.8   00:01   6.4   0.0   0.0   1.5   8.4   13:15   NNW
24  15.3  17.8   09:17   9.9   00:25   2.5   0.0   0.1   2.0  11.7   23:47     S
25  16.4  20.2   11:33  13.9   19:32   2.0   0.1   4.9   2.4  14.0   00:17     S
26  13.3  17.1   00:18  10.0   23:57   5.0   0.0   6.6   1.3   9.9   00:52     S
27  10.0  14.1   14:55   6.0   23:59   8.3   0.0   0.0   1.1   6.5   15:24    SW
28  10.3  18.4   16:35   3.8   05:45   8.0   0.0   0.0   1.1   6.9   10:10     N
29  11.8  17.6   15:02   6.8   04:12   6.4   0.0   0.0   1.0   5.9   11:26   NNW
30  11.3  18.4   15:26   5.9   05:59   7.0   0.0   0.0   1.2   6.0   12:07   NNW
31  11.3  18.1   16:20   5.5   06:37   7.0   0.0   0.0   1.3   6.9   12:46   NNE
----------------------------------------------------------------------------------
    11.9  22.6    14     3.8    28   199.3   1.6 129.0   1.2  14.0    25       S

Max >=  27.0  0
Max <=   0.0  0
Min <=   0.0  0
Min <= -18.0  0
Max Rain: 25.6 on day 17
Days of Rain: 19 (>= 0.2 mm)  13 (>= 2.0 mm)  1 (>= 20.0 mm)
Heat Base: 18.3  Cool Base: 18.3  Method: Integration

Powered by Ecowitt HP2553  and   CumulusMX   v 3.21.1 (b3205)   MXUI Template v 2.2.3 by  Silver Acorn   (13.7)  Valid HTML5