NOAA-style Climate Reports

   V/Λ SELECT: Month and Year   OR  >   Month
                   Monthly Climatological Summary for sep 2022

Name: Rjoanddalen   City: Mjølfjell   State: Voss
Elevation: 655 m  Lat: N 60° 41' 58"   Lon: E 006° 50' 38"

                  Temperature (°C), Rain (mm), Wind Speed (m/s)

                                      Heat  Cool        Avg
    Mean                              Deg   Deg         Wind                 Dom
Day Temp  High   Time   Low    Time   Days  Days  Rain  Speed High   Time    Dir
----------------------------------------------------------------------------------
01  11,2  17,8   14:45   5,4   05:22   7,1   0,0   0,0   1,4   6,8   15:24    NE
02   9,8  17,0   16:17   3,5   06:11   8,5   0,0   0,0   1,1   6,7   15:07    NE
03  10,1  17,1   15:05   4,1   06:13   8,1   0,0   0,0   1,4   8,4   12:56    NE
04  10,6  17,9   15:22   5,3   00:50   7,6   0,0   0,0   1,6   9,6   17:49     N
05  11,8  17,5   16:32   6,0   03:57   6,5   0,0   0,0   1,6   7,9   12:06    NW
06  10,4  18,2   16:06   4,9   07:50   7,9   0,0   0,0   1,4   6,6   07:01     N
07  11,3  17,2   16:16   4,9   03:44   7,0   0,0   0,0   2,1   9,8   22:19     S
08  11,3  14,7   12:48   6,9   06:59   7,0   0,0   0,0   2,4  14,6   09:20     S
09   9,5  12,9   15:06   5,2   04:21   8,8   0,0   0,0   1,8   9,4   12:46    SE
10   8,7  15,6   14:02   3,2   04:12   9,6   0,0   0,0   1,6   6,6   01:58     N
11   8,5  13,1   12:27   3,5   07:17   9,8   0,0   0,0   1,0   5,3   12:30    NE
12   9,8  12,4   14:38   4,9   00:06   8,5   0,0  15,9   1,5  13,5   14:46     W
13   7,7   9,9   00:10   5,9   06:15  10,6   0,0   7,3   0,9   5,3   19:05   SSW
14   7,0   9,7   15:56   5,5   23:03  11,3   0,0   6,1   1,0   5,7   15:24     S
15   5,5   6,6   18:32   4,4   08:01  12,8   0,0   4,3   1,0   6,6   13:39   SSW
16   6,6   9,6   12:09   4,4   02:08  11,7   0,0   0,0   1,3  11,0   15:38     N
17   6,2   8,6   13:02   4,4   23:16  12,1   0,0   0,2   1,3   8,2   12:39   NNW
18   6,3  11,0   15:13   2,3   23:34  12,0   0,0   0,0   1,3  10,4   15:23     N
19   4,2  10,0   15:16  -1,0   06:53  14,1   0,0   0,1   1,8  10,4   11:03     N
20   4,8  11,6   14:55  -0,7   02:54  13,5   0,0   0,0   1,5   5,8   14:45   NNE
21   5,8  10,8   15:55   0,1   01:35  12,5   0,0   0,0   0,8   4,8   02:11   NNE
22   9,4  10,7   11:56   7,5   00:20   8,9   0,0   1,5   1,4  10,2   14:47   SSE
23   7,4  11,6   15:06   1,9   23:43   8,4   0,0  11,8   1,1   7,7   15:42     S
24   4,4  11,5   14:49  -0,1   07:19  13,9   0,0   0,1   1,5   5,7   15:29     N
25   3,4   7,4   13:10  -0,3   04:00  14,9   0,0   3,7   1,4   9,0   20:31    SE
26   6,2   8,9   12:53   4,6   22:05  12,1   0,0   5,3   1,5   8,8   03:23   SSE
27   7,8  11,7   13:20   4,2   01:57  10,5   0,0   5,6   2,2  12,7   17:06     W
28   9,2  12,2   11:27   5,4   06:29   9,1   0,0   0,0   2,1  12,0   14:08     W
29   6,2  10,9   16:28   1,0   23:55  12,1   0,0   0,0   1,7   7,3   08:29     N
30   5,5  10,7   13:14   0,2   02:59  12,8   0,0   0,0   3,4  16,9   20:10   SSE
----------------------------------------------------------------------------------
     7,9  18,2     6    -1,0    19   309,7   0,0  61,9   1,5  16,9    30       N

Max >=  27,0  0
Max <=   0,0  0
Min <=   0,0  4
Min <= -18,0  0
Max Rain: 15,9 on day 12
Days of Rain: 10 (>= 0,2 mm)  8 (>= 2,0 mm)  0 (>= 20,0 mm)
Heat Base: 18,3  Cool Base: 18,3  Method: Integration

Powered by Ecowitt HP2553  and   CumulusMX   v 3.22.4 (b3215)   MXUI Template v 2.2.3 by  Silver Acorn   (7,0)  Valid HTML5